{"id":8878,"date":"2026-02-11T14:47:16","date_gmt":"2026-02-11T12:47:16","guid":{"rendered":"https:\/\/www.donsp.sk\/donsp\/?page_id=8878"},"modified":"2026-02-11T14:47:23","modified_gmt":"2026-02-11T12:47:23","slug":"anesteziologicka-ambulancia","status":"publish","type":"page","link":"https:\/\/www.donsp.sk\/donsp\/ambulancie\/anesteziologicka-ambulancia\/","title":{"rendered":"Anesteziologick\u00e1 ambulancia"},"content":{"rendered":"\n<div class=\"wp-block-columns alignwide visboard is-layout-flex wp-container-core-columns-is-layout-9d6595d7 wp-block-columns-is-layout-flex\">\n<div class=\"wp-block-column is-vertically-aligned-center is-layout-flow wp-block-column-is-layout-flow\" style=\"flex-basis:50%\">\n<h5 class=\"wp-block-heading\">Ordina\u010dn\u00e9 hodiny<\/h5>\n\n\n\n<div class=\"wp-block-group\"><div class=\"wp-block-group__inner-container is-layout-flow wp-block-group-is-layout-flow\">\n<figure class=\"wp-block-table is-style-regular\"><table><tbody><tr><td>Pondelok<\/td><td>07:30 &#8211; 12:00 \/ 12:30 &#8211; 14:00<\/td><\/tr><tr><td>Utorok<\/td><td>07:30 &#8211; 12:00 \/ 12:30 &#8211; 14:00<\/td><\/tr><tr><td>Streda<\/td><td>07:30 &#8211; 12:00 \/ 12:30 &#8211; 14:00<\/td><\/tr><tr><td>\u0160tvrtok<\/td><td>07:30 &#8211; 12:00 \/ 12:30 &#8211; 14:00<\/td><\/tr><tr><td>Piatok<\/td><td>07:30 &#8211; 12:00 \/ 12:30 &#8211; 14:00<\/td><\/tr><\/tbody><\/table><\/figure>\n<\/div><\/div>\n<\/div>\n\n\n\n<div class=\"wp-block-column is-vertically-aligned-center is-layout-flow wp-block-column-is-layout-flow\" style=\"flex-basis:50%\">\n<div class=\"wp-block-columns is-layout-flex wp-container-core-columns-is-layout-9d6595d7 wp-block-columns-is-layout-flex\">\n<div class=\"wp-block-column is-layout-flow wp-block-column-is-layout-flow\" style=\"flex-basis:100%\">\n<div class=\"wp-block-group\"><div class=\"wp-block-group__inner-container is-layout-flow wp-block-group-is-layout-flow\">\n<div class=\"wp-block-group\"><div class=\"wp-block-group__inner-container is-layout-flow wp-block-group-is-layout-flow\">\n<p><strong>Lek\u00e1r:<\/strong> MUDr. Krut\u00e1 Regina \u2013 odborn\u00fd garant<\/p>\n\n\n\n<p><strong>Sestra:<\/strong> Bc. Hric Daniela<\/p>\n\n\n\n<p>Bc. Ba\u0148asov\u00e1 Zuzana<\/p>\n\n\n\n<p><a href=\"tel:+421435801125\">+421 (0) 43 5801 125<\/a><\/p>\n<\/div><\/div>\n<\/div><\/div>\n<\/div>\n<\/div>\n<\/div>\n<\/div>\n\n\n\n<p><strong>Predopera\u010dn\u00e9 anesteziologick\u00e9 vy\u0161etrenie.<\/strong><\/p>\n\n\n\n<p><strong>Anesteziologick\u00e9 vy\u0161etrenie <\/strong>je potrebn\u00e9 vykona\u0165 <strong>minim\u00e1lne 24 hod\u00edn pred d\u0148om prijatia do zdravotn\u00edckeho zariadenia<\/strong> na opera\u010dn\u00fd v\u00fdkon, kedy vy\u0161etrenie prepl\u00e1ca zdravotn\u00e1 pois\u0165ov\u0148a. V pr\u00edpade, ak po\u017eiadate vy\u0161etrenie v de\u0148 prijatia do zdravotn\u00edckeho zariadenia, je ur\u010den\u00fd poplatok <strong>15 eur<\/strong> pod\u013ea platn\u00e9ho cenn\u00edka DONsP, nako\u013eko v&nbsp;tomto pr\u00edpade zdravotn\u00e1 pois\u0165ov\u0148a tento v\u00fdkon neprepl\u00e1ca.<\/p>\n\n\n\n<p>Platbu realizova\u0165 v pokladni DO NsP-\/ administrat\u00edvna budova 1 poschodie\/.<\/p>\n","protected":false},"excerpt":{"rendered":"<p>Ordina&#269;n&eacute; hodiny Pondelok 07:30 &ndash; 12:00 \/ 12:30 &ndash; 14:00 Utorok 07:30 &ndash; 12:00 \/ 12:30 &ndash; 14:00 Streda 07:30 &ndash; 12:00 \/ 12:30 &ndash; 14:00 &Scaron;tvrtok 07:30 &ndash; 12:00 \/ 12:30 &ndash; 14:00 Piatok 07:30 &ndash; 12:00 \/ 12:30&nbsp;<a class=\"read-more\" href=\"https:\/\/www.donsp.sk\/donsp\/ambulancie\/anesteziologicka-ambulancia\/\"><\/a><\/p>\n","protected":false},"author":3,"featured_media":0,"parent":6,"menu_order":2,"comment_status":"closed","ping_status":"closed","template":"","meta":{"_seopress_robots_primary_cat":"0","_seopress_titles_title":"","_seopress_titles_desc":"","_seopress_robots_index":"","pgc_sgb_lightbox_settings":"","footnotes":""},"class_list":["post-8878","page","type-page","status-publish"],"_links":{"self":[{"href":"https:\/\/www.donsp.sk\/donsp\/wp-json\/wp\/v2\/pages\/8878","targetHints":{"allow":["GET"]}}],"collection":[{"href":"https:\/\/www.donsp.sk\/donsp\/wp-json\/wp\/v2\/pages"}],"about":[{"href":"https:\/\/www.donsp.sk\/donsp\/wp-json\/wp\/v2\/types\/page"}],"author":[{"embeddable":true,"href":"https:\/\/www.donsp.sk\/donsp\/wp-json\/wp\/v2\/users\/3"}],"replies":[{"embeddable":true,"href":"https:\/\/www.donsp.sk\/donsp\/wp-json\/wp\/v2\/comments?post=8878"}],"version-history":[{"count":1,"href":"https:\/\/www.donsp.sk\/donsp\/wp-json\/wp\/v2\/pages\/8878\/revisions"}],"predecessor-version":[{"id":8879,"href":"https:\/\/www.donsp.sk\/donsp\/wp-json\/wp\/v2\/pages\/8878\/revisions\/8879"}],"up":[{"embeddable":true,"href":"https:\/\/www.donsp.sk\/donsp\/wp-json\/wp\/v2\/pages\/6"}],"wp:attachment":[{"href":"https:\/\/www.donsp.sk\/donsp\/wp-json\/wp\/v2\/media?parent=8878"}],"curies":[{"name":"wp","href":"https:\/\/api.w.org\/{rel}","templated":true}]}}