{"id":5354,"date":"2021-05-20T11:10:52","date_gmt":"2021-05-20T09:10:52","guid":{"rendered":"https:\/\/www.donsp.sk\/donsp\/?page_id=5354"},"modified":"2023-02-03T12:22:42","modified_gmt":"2023-02-03T10:22:42","slug":"irop-2","status":"publish","type":"page","link":"https:\/\/www.donsp.sk\/donsp\/irop-2\/","title":{"rendered":"IROP"},"content":{"rendered":"\n<figure class=\"wp-block-image size-large\"><img alt=\"irop head\" loading=\"lazy\" decoding=\"async\" width=\"1024\" height=\"195\" src=\"https:\/\/www.donsp.sk\/donsp\/wp-content\/uploads\/irop-head-1024x195.png\" alt=\"\" class=\"wp-image-5356\" srcset=\"https:\/\/www.donsp.sk\/donsp\/wp-content\/uploads\/irop-head-1024x195.png 1024w, https:\/\/www.donsp.sk\/donsp\/wp-content\/uploads\/irop-head-300x57.png 300w, https:\/\/www.donsp.sk\/donsp\/wp-content\/uploads\/irop-head-768x146.png 768w, https:\/\/www.donsp.sk\/donsp\/wp-content\/uploads\/irop-head-1536x292.png 1536w, https:\/\/www.donsp.sk\/donsp\/wp-content\/uploads\/irop-head-750x143.png 750w, https:\/\/www.donsp.sk\/donsp\/wp-content\/uploads\/irop-head.png 1839w\" sizes=\"auto, (max-width: 1024px) 100vw, 1024px\" \/><\/figure>\n\n\n\n<p><strong>N\u00e1zov projektu:<\/strong> Zv\u00fd\u0161enie efektivity poskytovan\u00fdch slu\u017eieb prostredn\u00edctvom moderniz\u00e1cie Dolnooravskej nemocnice s poliklinikou MUDr. L. N. J\u00e9g\u00e9ho<\/p>\n\n\n\n<p><strong>Prij\u00edmate\u013e:<\/strong> Dolnooravsk\u00e1 nemocnica s&nbsp;poliklinikou L. N. J\u00e9g\u00e9ho<\/p>\n\n\n\n<p><strong>K\u00f3d v\u00fdzvy:<\/strong> IROP-PO2-SC213-2022-91<\/p>\n\n\n\n<p><strong>K\u00f3d projektu:<\/strong> 302021CAS5<\/p>\n\n\n\n<p><strong>V\u00fd\u0161ka finan\u010dnej podpory z E\u00da:<\/strong> 1 329 447,50 eur<\/p>\n\n\n\n<p><strong>Stru\u010dn\u00fd popis projektu:<\/strong> Poslan\u00edm&nbsp;Dolnooravskej nemocnice s poliklinikou MUDr. L. N. J\u00e9g\u00e9ho&nbsp;je nepretr\u017eite zabezpe\u010dova\u0165 lie\u010debno-prevent\u00edvnu a o\u0161etrovate\u013esk\u00fa starostlivos\u0165 o pacientov na \u00farovni s\u00fa\u010dasn\u00fdch poznatkov v podmienkach slovensk\u00e9ho zdravotn\u00edctva. Je nemocnica v\u0161eobecn\u00e9ho typu so sp\u00e1dov\u00fdm \u00fazem\u00edm 70 856 obyvate\u013eov. M\u00e1 9 oddelen\u00ed s 300 l\u00f4\u017ekami. V&nbsp;s\u00falade s&nbsp;vypracovan\u00fdm Transforma\u010dn\u00fdm pl\u00e1nom DONsP, bola za k\u013e\u00fa\u010dov\u00fa invest\u00edciu v&nbsp;kr\u00e1tkodobom horizonte stanoven\u00e1 \u2013 \u201erekon\u0161trukcia JIS oddelenia neurol\u00f3gie a obnova pr\u00edstrojov\u00e9ho vybavenia\u201c<\/p>\n\n\n\n<p><strong>V\u00fdsledkom projektu:<\/strong> V\u00fdsledkom projektu je vn\u00fatorn\u00e1 rekon\u0161trukcia vn\u00fatorn\u00fdch existuj\u00facich priestorov JIS neurologick\u00e9ho oddelenia,&nbsp;obstaranie materi\u00e1lno \u2013 technick\u00fdch a&nbsp;zdravotn\u00edckych zariaden\u00ed.<\/p>\n\n\n\n<p>Hlavn\u00e9 aktivity projektu:<\/p>\n\n\n\n<ul class=\"wp-block-list\">\n<li>Vn\u00fatorn\u00e1 rekon\u0161trukcia vn\u00fatorn\u00fdch existuj\u00facich priestorov JIS neurologick\u00e9ho oddelenia<\/li>\n\n\n\n<li>Vypracovanie a&nbsp;schv\u00e1lenie Transforma\u010dn\u00e9ho pl\u00e1nu DONsP<\/li>\n\n\n\n<li>Obstaranie zdravotn\u00edckych zariaden\u00ed<\/li>\n\n\n\n<li>Obstaranie materi\u00e1lno \u2013 technick\u00fdch zariaden\u00ed<\/li>\n<\/ul>\n\n\n\n<p><strong>Cie\u013e projektu:<\/strong> Cie\u013eom projektu je vytvori\u0165 vhodn\u00e9 podmienky pre zdravotn\u00fa starostlivos\u0165 a ochranu verejn\u00e9ho zdravia v&nbsp;Dolnooravskej nemocnice s poliklinikou MUDr. Ladislava N\u00e1da\u0161i J\u00e9g\u00e9ho. Uveden\u00e9 je v s\u00falade so strat\u00e9giou IROP a \u0161pecifick\u00fdm cie\u013eom 2.1.3 Modernizova\u0165 infra\u0161trukt\u00faru \u00fastavn\u00fdch zariaden\u00ed poskytuj\u00facich ak\u00fatnu zdravotn\u00fa starostlivos\u0165, za \u00fa\u010delom zv\u00fd\u0161enia ich produktivity a efekt\u00edvnosti.<\/p>\n\n\n\n<p>&nbsp;<strong>Harmonogram realiz\u00e1cie:<\/strong> 1\/2022 \u2013 11\/2023<\/p>\n\n\n\n<hr class=\"wp-block-separator has-alpha-channel-opacity is-style-default\"\/>\n\n\n\n<p><strong><em>N\u00e1zov projektu:Posilnenie kapac\u00edt a ochrana verejn\u00e9ho zdravia ako reakcia na pand\u00e9miu COVID-19 v Dolnooravskej nemocnici s poliklinikou MUDr. L. N. J\u00e9g\u00e9ho<\/em><\/strong><\/p>\n\n\n\n<p>Prij\u00edmate\u013e: Dolnooravsk\u00e1 nemocnica s poliklinikou MUDr. L. N. J\u00e9g\u00e9ho<\/p>\n\n\n\n<p>K\u00f3d v\u00fdzvy: IROP-PO2-SC214-2020-61<\/p>\n\n\n\n<p>K\u00f3d \u017eiadosti: NFP302020AXU8<\/p>\n\n\n\n<p>Celkov\u00e9 opr\u00e1vnen\u00e9 v\u00fddavky projektu: 356 254,80 Eur<\/p>\n\n\n\n<p>Po\u017eadovan\u00e1 v\u00fd\u0161ka NFP (95 % z&nbsp;celkov\u00fdch opr\u00e1vnen\u00fdch v\u00fddavkov = 85 % E\u00da + 10 % \u0160R) : 338 442,06 Eur<\/p>\n\n\n\n<p>V\u00fd\u0161ka finan\u010dnej podpory z&nbsp;E\u00da (EFRR): 302&nbsp;816,58 Eur<\/p>\n\n\n\n<p>V\u00fd\u0161ka finan\u010dnej podpory z&nbsp;\u0160R: 35 625,48 Eur<\/p>\n\n\n\n<p>Spolufinancovanie z&nbsp;rozpo\u010dtu \u017dSK (5 % z&nbsp;celkov\u00fdch opr\u00e1vnen\u00fdch v\u00fddavkov): 17&nbsp;812,74 Eur<\/p>\n\n\n\n<p><strong>Stru\u010dn\u00fd popis projektu: <\/strong>Dolnooravsk\u00e1 nemocnica s poliklinikou MUDr.L.N\u00e1da\u0161i J\u00e9g\u00e9ho Doln\u00fd Kub\u00edn (DoNsP) je nemocnicou nadregion\u00e1lneho v\u00fdznamu s vysok\u00fdm podielom pacientov z in\u00fdch regi\u00f3nov. Zria\u010fovate\u013eom nemocnice je \u017dilinsk\u00fd samospr\u00e1vny kraj. V \u010dase vypuknutia pand\u00e9mie musela DoNsP vytvori\u0165 dostato\u010dn\u00e9 kapacity a&nbsp;nastavi\u0165 pr\u00e1cu zdravotn\u00edkov tak, aby mohla pokra\u010dova\u0165 v poskytovan\u00ed kvalitnej zdravotnej starostlivosti a s\u00fa\u010dasne reflektova\u0165 na vzniknut\u00fa situ\u00e1ciu. Bolo nevyhnutn\u00e9 vytvori\u0165 podmienky pre adekv\u00e1tnu starostlivos\u0165 pacientom pri ich testovan\u00ed, pri lie\u010dbe pacientov pozit\u00edvnych na COVID-19 ale tie\u017e zabezpe\u010di\u0165 aj ochranu zdravia zamestnancov a pracovn\u00edkov nemocnice. Predlo\u017een\u00fd projekt je zameran\u00fd na zabezpe\u010denie podmienok pre zni\u017eovanie dopadov pand\u00e9mie COVID-19 a&nbsp;podporu opatren\u00ed na skr\u00e1tenie \u010dasu reakcie pri enormnom n\u00e1raste ochorenia v Dolnooravskej nemocnici s poliklinikou MUDr. L. N. J\u00e9g\u00e9ho.<\/p>\n\n\n\n<p><strong>V\u00fdsledkom projektu<\/strong> bude zabezpe\u010denie dostato\u010dn\u00e9ho materi\u00e1lno-technick\u00e9ho vybavenia a obstaranie pr\u00edstrojovej a zdravotn\u00edckej techniky DoNsP pri prevencii nekontrolovan\u00e9ho \u0161\u00edrenia a v\u010dasnej diagnostike v\u00edrusovej choroby COVID-19, adekv\u00e1tnej lie\u010dbe infikovan\u00fdch pacientov, vr\u00e1tane materi\u00e1lneho vybavenia pre ochranu a bezpe\u010dnos\u0165 person\u00e1lu.<\/p>\n\n\n\n<p><strong>Realiz\u00e1ciou aktiv\u00edt projektu d\u00f4jde k<\/strong>:<\/p>\n\n\n\n<p>\u2022 vybaveniu nemocnice potrebn\u00fdm materi\u00e1lno-technick\u00fdm vybaven\u00edm pre diagnostiku a lie\u010dbu ochorenia COVID-19<\/p>\n\n\n\n<p>\u2022 vybaveniu nemocnice potrebnou pr\u00edstrojovou a zdravotn\u00edckou technikou<\/p>\n\n\n\n<p>\u2022 vybaveniu pre ochranu a bezpe\u010dnos\u0165 zamestnancov a pacientov nemocnice.<\/p>\n\n\n\n<p>Uveden\u00e9 vytv\u00e1ra predpoklad pre v\u010dasn\u00fa diagnostiku ochorenia COVID-19, adekv\u00e1tnu lie\u010dbu infikovan\u00fdch pacientov a n\u00e1sledne k minimalizovaniu dopadov kr\u00edzovej situ\u00e1cie v SR v s\u00favislosti so \u0161\u00edren\u00edm pand\u00e9mie COVID-19. Podporou zdravotn\u00edckeho syst\u00e9mu sa spomal\u00ed \u0161\u00edrenie n\u00e1kazy a posiln\u00ed odolnos\u0165 pred n\u00e1porom pand\u00e9mie, pri\u010dom cie\u013eom je vyhn\u00fa\u0165 sa kolapsu syst\u00e9mu z pr\u00edpadn\u00e9ho nekontrolovan\u00e9ho \u0161\u00edrenia koronav\u00edrusu.<\/p>\n\n\n\n<p><strong>Cie\u013eom projektu <\/strong>je vytvori\u0165 vhodn\u00e9 podmienky pre zdravotn\u00fa starostlivos\u0165 a ochranu verejn\u00e9ho zdravia ako reakciu na pand\u00e9miu COVID-19 v Dolnooravskejnemocnici s poliklinikou MuDr. Ladislava N\u00e1da\u0161i J\u00e9g\u00e9ho.<\/p>\n\n\n\n<p><strong>\u0160pecifick\u00e9 ciele <\/strong>projektu s\u00fa:<\/p>\n\n\n\n<p>\u2022 zabezpe\u010di\u0165 prevenciu, diagnostiku a lie\u010dbu pacientov podozriv\u00fdch alebo chor\u00fdch na diagn\u00f3zu COVID-19;<\/p>\n\n\n\n<p>\u2022 zabezpe\u010di\u0165 testovanie ochorenia COVID-19;<\/p>\n\n\n\n<p>\u2022 zabezpe\u010di\u0165 ochranu zdravotn\u00edckeho a in\u00e9ho person\u00e1lu nemocnice pred ochoren\u00edm COVID-19.<\/p>\n\n\n\n<p>Projekt bude realizovan\u00fd prostredn\u00edctvom troch <strong>hlavn\u00fdch aktiv\u00edt:<\/strong><\/p>\n\n\n\n<p>\u2022 Vybavenie DONsP pre zabezpe\u010denie prevencie, diagnostiky a lie\u010dby pacientov podozriv\u00fdch alebo chor\u00fdch s diagn\u00f3zou COVID-19<\/p>\n\n\n\n<p>\u2022 Vytvorenie mobiln\u00e9ho odberov\u00e9ho miesta v DoNsP<\/p>\n\n\n\n<p>\u2022 Ochrana pracovn\u00edkov DONsP pred ochoren\u00edm COVID-19 a ochrana verejn\u00e9ho zdravia.<\/p>\n\n\n\n<p><strong>Miesto realiz\u00e1cie<\/strong>: Dolnooravsk\u00e1 nemocnica s poliklinikou MUDr.L.N\u00e1da\u0161i J\u00e9g\u00e9ho Doln\u00fd Kub\u00edn, Nemocni\u010dn\u00e1 1944\/10, 026 01 Doln\u00fd Kub\u00edn<\/p>\n\n\n\n<p><strong>Harmonogram realiz\u00e1cie<\/strong>: 03\/2020 \u2013 12\/2021<\/p>\n\n\n\n<p>Tento projekt je podporen\u00fd z <strong>Eur\u00f3pskeho fondu region\u00e1lneho rozvoja (EFRR).<\/strong><\/p>\n\n\n\n<div class=\"wp-block-columns is-layout-flex wp-container-core-columns-is-layout-9d6595d7 wp-block-columns-is-layout-flex\">\n<div class=\"wp-block-column is-layout-flow wp-block-column-is-layout-flow\"><div class=\"wp-block-image\">\n<figure class=\"aligncenter size-large is-resized\"><img alt=\"minzsr\" loading=\"lazy\" decoding=\"async\" src=\"https:\/\/www.donsp.sk\/donsp\/wp-content\/uploads\/minzsr.png\" alt=\"\" class=\"wp-image-5357\" width=\"318\" height=\"144\" srcset=\"https:\/\/www.donsp.sk\/donsp\/wp-content\/uploads\/minzsr.png 533w, https:\/\/www.donsp.sk\/donsp\/wp-content\/uploads\/minzsr-300x136.png 300w\" sizes=\"auto, (max-width: 318px) 100vw, 318px\" \/><\/figure>\n<\/div><\/div>\n\n\n\n<div class=\"wp-block-column is-layout-flow wp-block-column-is-layout-flow\"><div class=\"wp-block-image\">\n<figure class=\"aligncenter size-large is-resized\"><img alt=\"cropped logo\" loading=\"lazy\" decoding=\"async\" src=\"https:\/\/www.donsp.sk\/donsp\/wp-content\/uploads\/cropped-logo-1.png\" alt=\"\" class=\"wp-image-4642\" width=\"142\" height=\"142\" srcset=\"https:\/\/www.donsp.sk\/donsp\/wp-content\/uploads\/cropped-logo-1.png 335w, https:\/\/www.donsp.sk\/donsp\/wp-content\/uploads\/cropped-logo-1-300x300.png 300w, https:\/\/www.donsp.sk\/donsp\/wp-content\/uploads\/cropped-logo-1-150x150.png 150w\" sizes=\"auto, (max-width: 142px) 100vw, 142px\" \/><\/figure>\n<\/div><\/div>\n<\/div>\n\n\n\n<p><\/p>\n","protected":false},"excerpt":{"rendered":"<p>N&aacute;zov projektu: Zv&yacute;&scaron;enie efektivity poskytovan&yacute;ch slu&#382;ieb prostredn&iacute;ctvom moderniz&aacute;cie Dolnooravskej nemocnice s poliklinikou MUDr. L. N. J&eacute;g&eacute;ho Prij&iacute;mate&#318;: Dolnooravsk&aacute; nemocnica s&nbsp;poliklinikou L. N. J&eacute;g&eacute;ho K&oacute;d v&yacute;zvy: IROP-PO2-SC213-2022-91 K&oacute;d projektu: 302021CAS5 V&yacute;&scaron;ka finan&#269;nej podpory z E&Uacute;: 1 329 447,50 eur Stru&#269;n&yacute; popis&nbsp;<a class=\"read-more\" href=\"https:\/\/www.donsp.sk\/donsp\/irop-2\/\"><\/a><\/p>\n","protected":false},"author":3,"featured_media":0,"parent":0,"menu_order":0,"comment_status":"closed","ping_status":"closed","template":"","meta":{"_seopress_robots_primary_cat":"0","_seopress_titles_title":"","_seopress_titles_desc":"","_seopress_robots_index":"","pgc_sgb_lightbox_settings":"","footnotes":""},"class_list":["post-5354","page","type-page","status-publish"],"_links":{"self":[{"href":"https:\/\/www.donsp.sk\/donsp\/wp-json\/wp\/v2\/pages\/5354","targetHints":{"allow":["GET"]}}],"collection":[{"href":"https:\/\/www.donsp.sk\/donsp\/wp-json\/wp\/v2\/pages"}],"about":[{"href":"https:\/\/www.donsp.sk\/donsp\/wp-json\/wp\/v2\/types\/page"}],"author":[{"embeddable":true,"href":"https:\/\/www.donsp.sk\/donsp\/wp-json\/wp\/v2\/users\/3"}],"replies":[{"embeddable":true,"href":"https:\/\/www.donsp.sk\/donsp\/wp-json\/wp\/v2\/comments?post=5354"}],"version-history":[{"count":0,"href":"https:\/\/www.donsp.sk\/donsp\/wp-json\/wp\/v2\/pages\/5354\/revisions"}],"wp:attachment":[{"href":"https:\/\/www.donsp.sk\/donsp\/wp-json\/wp\/v2\/media?parent=5354"}],"curies":[{"name":"wp","href":"https:\/\/api.w.org\/{rel}","templated":true}]}}