{"id":517,"date":"2010-09-17T13:12:07","date_gmt":"2010-09-17T13:12:07","guid":{"rendered":"http:\/\/www.donsp.sk\/donsp\/?page_id=517"},"modified":"2025-11-30T14:08:15","modified_gmt":"2025-11-30T12:08:15","slug":"detske-ambulancie","status":"publish","type":"page","link":"https:\/\/www.donsp.sk\/donsp\/ambulancie\/detske-ambulancie\/","title":{"rendered":"Detsk\u00e9 ambulancie v r\u00e1mci DONSP\u00a0"},"content":{"rendered":"\n<div class=\"wp-block-columns alignwide visbg is-layout-flex wp-container-core-columns-is-layout-9d6595d7 wp-block-columns-is-layout-flex\">\n<div class=\"wp-block-column is-vertically-aligned-center visboard is-layout-flow wp-block-column-is-layout-flow\" style=\"flex-basis:50%\">\n<h5 class=\"wp-block-heading has-text-align-center\">Ambulancia klinickej imunol\u00f3gie a alergol\u00f3gie<\/h5>\n\n\n\n<div class=\"wp-block-group\"><div class=\"wp-block-group__inner-container is-layout-flow wp-block-group-is-layout-flow\">\n<figure class=\"wp-block-table is-style-regular\"><table><tbody><tr><td>Pondelok \u2013 Piatok<\/td><td>7.00 h \u2013 12.00 h a 12.30 h -15.00 h<\/td><\/tr><tr><td>sestra<\/td><td><a href=\"tel:+421435801384\"><\/a><a href=\"tel:+421435801384\">+421 43 5801 384<\/a><\/td><\/tr><tr><td>lek\u00e1r MUDr. Machajov\u00e1<\/td><td><a href=\"tel:+421435801374\">+421 43 5801 374<\/a><\/td><\/tr><\/tbody><\/table><\/figure>\n<\/div><\/div>\n<\/div>\n\n\n\n<div class=\"wp-block-column is-vertically-aligned-center visboard is-layout-flow wp-block-column-is-layout-flow\" style=\"flex-basis:50%\">\n<h5 class=\"wp-block-heading has-text-align-center\">Ambulancia klinickej imunol\u00f3gie a alergol\u00f3gie<\/h5>\n\n\n\n<div class=\"wp-block-group\"><div class=\"wp-block-group__inner-container is-layout-flow wp-block-group-is-layout-flow\">\n<figure class=\"wp-block-table is-style-regular\"><table><tbody><tr><td>Pondelok \u2013 Utorok<\/td><td>6.30 h \u2013 16.00 h<\/td><\/tr><tr><td>sestra<\/td><td><a href=\"tel:421435801383\">+421 43 5801 383<\/a><br><a href=\"https:\/\/www.objednatvysetrenie.sk\/vyber-druhu-vysetrenia.html?page_id=89960&amp;zid=64183\" target=\"_blank\" rel=\"noreferrer noopener\" class=\"obj\">objednanie<\/a><\/td><\/tr><tr><td>lek\u00e1r<\/td><td>MUDr. Koutn\u00e1<\/td><\/tr><\/tbody><\/table><\/figure>\n<\/div><\/div>\n<\/div>\n<\/div>\n\n\n\n<div class=\"wp-block-columns alignwide visbg is-layout-flex wp-container-core-columns-is-layout-9d6595d7 wp-block-columns-is-layout-flex\">\n<div class=\"wp-block-column is-vertically-aligned-center visboard is-layout-flow wp-block-column-is-layout-flow\" style=\"flex-basis:50%\">\n<h5 class=\"wp-block-heading has-text-align-center\"><strong>V\u0161eobecn\u00e1 ambulancia pre deti a dorast<\/strong><\/h5>\n\n\n\n<div class=\"wp-block-group\"><div class=\"wp-block-group__inner-container is-layout-flow wp-block-group-is-layout-flow\">\n<figure class=\"wp-block-table is-style-regular\"><table><tbody><tr><td>Pondelok \u2013 Piatok<\/td><td>7.00 h \u2013 12.00 h a 12.30 h -15.00 h<\/td><\/tr><tr><td>kontakt<\/td><td><a href=\"tel:+421435801384\"><\/a><a href=\"tel:+421435801384\">+421 <\/a><a href=\"tel:+421435801372\">43 5801 372<\/a><\/td><\/tr><tr><td>lek\u00e1r<\/td><td>MUDr. Bla\u017ee\u0148\u00e1kov\u00e1<\/td><\/tr><\/tbody><\/table><\/figure>\n<\/div><\/div>\n<\/div>\n\n\n\n<div class=\"wp-block-column is-vertically-aligned-center visboard is-layout-flow wp-block-column-is-layout-flow\" style=\"flex-basis:50%\">\n<h5 class=\"wp-block-heading has-text-align-center\"><strong>Ambulancia pre deti s perinat\u00e1lnym&nbsp; rizikom<\/strong><\/h5>\n\n\n\n<div class=\"wp-block-group\"><div class=\"wp-block-group__inner-container is-layout-flow wp-block-group-is-layout-flow\">\n<figure class=\"wp-block-table is-style-regular\"><table><tbody><tr><td>streda<\/td><td>10.00 h \u2013 12.00 h<\/td><\/tr><tr><td>kontakt<\/td><td><a href=\"tel:+421435801230\">+421 43 5801 230<\/a><br><a href=\"tel:+421435801330\">+421 43 5801 330<\/a><\/td><\/tr><\/tbody><\/table><\/figure>\n<\/div><\/div>\n<\/div>\n<\/div>\n\n\n\n<div class=\"wp-block-columns alignwide visbg is-layout-flex wp-container-core-columns-is-layout-9d6595d7 wp-block-columns-is-layout-flex\">\n<div class=\"wp-block-column is-vertically-aligned-center visboard is-layout-flow wp-block-column-is-layout-flow\" style=\"flex-basis:50%\">\n<h5 class=\"wp-block-heading has-text-align-center\"><strong>Ambulancia pediatrickej endokrinol\u00f3gie a diabetol\u00f3gie<\/strong><\/h5>\n\n\n\n<div class=\"wp-block-group\"><div class=\"wp-block-group__inner-container is-layout-flow wp-block-group-is-layout-flow\">\n<figure class=\"wp-block-table is-style-regular\"><table><tbody><tr><td>Streda \u2013 Piatok<\/td><td>7.00-15.00 h<\/td><\/tr><tr><td>kontakt<\/td><td><a href=\"tel:+421435801384\"><\/a><a href=\"tel:421435801383\">+421 43 5801 383<\/a><\/td><\/tr><tr><td>lek\u00e1r<\/td><td>MUDr. Milanov\u00e1<\/td><\/tr><\/tbody><\/table><\/figure>\n<\/div><\/div>\n<\/div>\n\n\n\n<div class=\"wp-block-column is-vertically-aligned-center is-layout-flow wp-block-column-is-layout-flow\" style=\"flex-basis:50%\"><\/div>\n<\/div>\n\n\n\n<h2 class=\"wp-block-heading\"><strong>Ambulancia klinickej imunol\u00f3gie a alergol\u00f3gie&nbsp;<\/strong><\/h2>\n\n\n\n<p>Ambulancia klinickej imunol\u00f3gie a alergol\u00f3gie pri detskom oddelen\u00ed DONsP Doln\u00fd Kub\u00edn<\/p>\n\n\n\n<p>Lek\u00e1r : MUDr. Machajov\u00e1 Romana<br>Sestra: Bc. Ferancov\u00e1 M\u00e1ria<\/p>\n\n\n\n<p>Pois\u0165ovne: V\u0161ZP, D\u00f4vera, Union<\/p>\n\n\n\n<p><strong>V\u0161eobecn\u00e9 inform\u00e1cie o vy\u0161etreniach :<\/strong><\/p>\n\n\n\n<p>Komplexn\u00e9 imunoalergologick\u00e9 vy\u0161etrenie, ko\u017en\u00e9 prick testy, spirometria, laborat\u00f3rne vy\u0161etrenia<\/p>\n\n\n\n<p>Inform\u00e1cie o objednan\u00ed sa:<\/p>\n\n\n\n<p>Denne&nbsp;<strong>pondelok a\u017e piatok&nbsp;<\/strong>od 7.00 &#8211; 15.00 h<\/p>\n\n\n\n<p>na tel. \u010d\u00edsle&nbsp; <a href=\"tel:+421435801384\">043\/5801384<\/a> <\/p>\n\n\n\n<p>Ordina\u010dn\u00e9 hodiny:<\/p>\n\n\n\n<p><strong>Pondelok a\u017e piatok&nbsp;<\/strong>od 7.00 &#8211; 12.00 h, 12.30 &#8211; 15.00&nbsp;h<\/p>\n\n\n\n<h2 class=\"wp-block-heading\"><strong>Ambulancia klinickej imunol\u00f3gie a alergol\u00f3gie&nbsp;<\/strong><\/h2>\n\n\n\n<p>Ambulancia klinickej imunol\u00f3gie a alergol\u00f3gie pri detskom oddelen\u00ed DONsP Doln\u00fd Kub\u00edn<\/p>\n\n\n\n<p>Lek\u00e1r : MUDr. Koutn\u00e1 \u013dubom\u00edra<\/p>\n\n\n\n<p>Pois\u0165ovne: V\u0161ZP, D\u00f4vera, Union<\/p>\n\n\n\n<p><strong>V\u0161eobecn\u00e9 inform\u00e1cie o vy\u0161etreniach:<\/strong><\/p>\n\n\n\n<p>Komplexn\u00e9 imunoalergologick\u00e9 vy\u0161etrenie, ko\u017en\u00e9 prick testy, spirometria, laborat\u00f3rne vy\u0161etrenia<\/p>\n\n\n\n<p>Inform\u00e1cie o objednan\u00ed sa:<\/p>\n\n\n\n<p>Pondelok \u2013 Utorok<strong>&nbsp;<\/strong>od 6.30 &#8211; 16.00 h<\/p>\n\n\n\n<p>na tel. \u010d\u00edsle&nbsp; <a href=\"tel:+421435801383\">043\/5801383<\/a> alebo elektronicky cez <a href=\"https:\/\/www.objednatvysetrenie.sk\/objednavka-vysetrenia.html?page_id=84263&amp;zid=64183&amp;druh_vysetrenia_id=3c41c9e1-b33a-477c-a0b4-bb9958004aa2\">objednatvysetrenie.sk<\/a><\/p>\n\n\n\n<p>Ordina\u010dn\u00e9 hodiny:<\/p>\n\n\n\n<p>Pondelok \u2013 Utorok<strong>&nbsp;<\/strong>od 6.30 &#8211; 16.00 h<\/p>\n\n\n\n<h2 class=\"wp-block-heading\"><strong><strong>V\u0161eobecn\u00e1 ambulancia pre deti a dorast<\/strong><\/strong><\/h2>\n\n\n\n<p>Pediatrick\u00e1 ambulancia pri detskom oddelen\u00ed DONsP Doln\u00fd Kub\u00edn, od 12. apr\u00edla 2022<\/p>\n\n\n\n<p>Lek\u00e1r: MUDr. Monika Bla\u017ee\u0148\u00e1kov\u00e1<br>Sestra: Mgr. Krist\u00edna Pirohov\u00e1<\/p>\n\n\n\n<p>tel. \u010d\u00edslo: <a href=\"tel:+421435801372\">043\/5801372<\/a><\/p>\n\n\n\n<p>Pois\u0165ovne: V\u0161ZP, D\u00f4vera, Union<\/p>\n\n\n\n<p><strong>V\u0161eobecn\u00e9 inform\u00e1cie:<\/strong><\/p>\n\n\n\n<p>V\u0161eobecn\u00e1 ambulancia pre deti a dorast poskytuje zdravotn\u00fa starostlivos\u0165 detsk\u00fdm pacientom s&nbsp;ak\u00fatnym alebo chronick\u00fdm ochoren\u00edm, poskytuje prevenciu, porad\u0148u, povinn\u00e9 a dobrovo\u013en\u00e9 o\u010dkovanie a pr\u00edslu\u0161n\u00fa lie\u010dbu pod\u013ea diagnostiky zdravotn\u00e9ho stavu.<\/p>\n\n\n\n<p>Ordina\u010dn\u00e9 hodiny:<\/p>\n\n\n\n<p><strong>Pondelok<\/strong>, <strong>streda<\/strong>: od 7.00 \u2013 13.00 h<\/p>\n\n\n\n<p><strong>Utorok: <\/strong>od 7.00 \u2013 17.00 h<\/p>\n\n\n\n<p><strong><strong>\u0160tvrtok<\/strong>: <\/strong>od 7.00 \u2013 15.00 h<\/p>\n\n\n\n<p><strong>Piatok<\/strong>: od 7.00 \u2013 12.00 h<\/p>\n\n\n\n<p>Obed od 12.00 do 12.30 h<\/p>\n\n\n\n<h2 class=\"wp-block-heading\"><strong>Ambulancia pre deti s perinat\u00e1lnym&nbsp; rizikom<\/strong><\/h2>\n\n\n\n<p><strong>Ambuluj\u00faci lek\u00e1ri:&nbsp;MUDr. Monika La\u0161t\u00edkov\u00e1<\/strong><\/p>\n\n\n\n<p>V\u0161eobecn\u00e9 inform\u00e1cie o vy\u0161etreniach: Systematick\u00e9 sledovanie det\u00ed s perinat\u00e1lnou patol\u00f3giou a rizikom&nbsp;do ukon\u010den\u00e9ho korigovan\u00e9ho 3. roku \u017eivota. Cie\u013eom je v\u010dasn\u00e9 odhalenie v\u0161etk\u00fdch por\u00fach v\u00fdvinu, n\u00e1sledn\u00e9 dodiagnostikovanie a lie\u010dba v spolupr\u00e1ci s \u010fal\u0161\u00edmi lek\u00e1rmi &#8211; \u0161pecialistami.<br>Inform\u00e1cie o objednan\u00ed sa: pacientov objedn\u00e1vame pri prepusten\u00ed z n\u00e1\u0161ho oddelenia.<\/p>\n\n\n\n<p>Rozvrh ordina\u010dn\u00fdch hod\u00edn:<\/p>\n\n\n\n<p><strong>Streda<\/strong> <strong>od 10.00 do 12.00 h<\/strong>, priestory APS pre deti a dorast v poliklinike<br>Telefonick\u00fd kontakt:&nbsp; <a href=\"tel:+421435801230\">043\/5801 230<\/a><br>&nbsp; &nbsp; &nbsp; &nbsp; &nbsp; &nbsp; &nbsp; &nbsp; &nbsp; &nbsp; &nbsp; &nbsp; &nbsp; &nbsp; &nbsp; &nbsp; &nbsp; &nbsp;<a href=\"tel:+421435801330\">043\/5801 330<\/a><\/p>\n\n\n\n<h2 class=\"wp-block-heading\"><strong><strong>Ambulancia pediatrickej endokrinol\u00f3gie a diabetol\u00f3gie<\/strong><\/strong><\/h2>\n\n\n\n<p><strong>Ambuluj\u00faci lek\u00e1ri:&nbsp;MUDr. Milanov\u00e1<\/strong><\/p>\n\n\n\n<p>Ordina\u010dn\u00e9 hodiny:<\/p>\n\n\n\n<p><strong>Streda \u2013 Piatok<\/strong>: od 7.00-15.00 h<\/p>\n\n\n\n<p>Telefonick\u00fd kontakt:&nbsp; <a href=\"tel:+421435801383\"><\/a><a href=\"tel:421435801383\">043\/5801 383<\/a><\/p>\n","protected":false},"excerpt":{"rendered":"<p>Ambulancia klinickej imunol&oacute;gie a alergol&oacute;gie Pondelok &ndash; Piatok 7.00 h &ndash; 12.00 h a 12.30 h -15.00 h sestra +421 43 5801 384 lek&aacute;r MUDr. Machajov&aacute; +421 43 5801 374 Ambulancia klinickej imunol&oacute;gie a alergol&oacute;gie Pondelok &ndash; Utorok 6.30 h&nbsp;<a class=\"read-more\" href=\"https:\/\/www.donsp.sk\/donsp\/ambulancie\/detske-ambulancie\/\"><\/a><\/p>\n","protected":false},"author":1,"featured_media":0,"parent":6,"menu_order":0,"comment_status":"closed","ping_status":"closed","template":"","meta":{"_seopress_robots_primary_cat":"0","_seopress_titles_title":"","_seopress_titles_desc":"","_seopress_robots_index":"","pgc_sgb_lightbox_settings":"","footnotes":""},"class_list":["post-517","page","type-page","status-publish"],"_links":{"self":[{"href":"https:\/\/www.donsp.sk\/donsp\/wp-json\/wp\/v2\/pages\/517","targetHints":{"allow":["GET"]}}],"collection":[{"href":"https:\/\/www.donsp.sk\/donsp\/wp-json\/wp\/v2\/pages"}],"about":[{"href":"https:\/\/www.donsp.sk\/donsp\/wp-json\/wp\/v2\/types\/page"}],"author":[{"embeddable":true,"href":"https:\/\/www.donsp.sk\/donsp\/wp-json\/wp\/v2\/users\/1"}],"replies":[{"embeddable":true,"href":"https:\/\/www.donsp.sk\/donsp\/wp-json\/wp\/v2\/comments?post=517"}],"version-history":[{"count":23,"href":"https:\/\/www.donsp.sk\/donsp\/wp-json\/wp\/v2\/pages\/517\/revisions"}],"predecessor-version":[{"id":8481,"href":"https:\/\/www.donsp.sk\/donsp\/wp-json\/wp\/v2\/pages\/517\/revisions\/8481"}],"up":[{"embeddable":true,"href":"https:\/\/www.donsp.sk\/donsp\/wp-json\/wp\/v2\/pages\/6"}],"wp:attachment":[{"href":"https:\/\/www.donsp.sk\/donsp\/wp-json\/wp\/v2\/media?parent=517"}],"curies":[{"name":"wp","href":"https:\/\/api.w.org\/{rel}","templated":true}]}}