{"id":4676,"date":"2020-12-04T08:51:27","date_gmt":"2020-12-04T06:51:27","guid":{"rendered":"http:\/\/www.donsp.sk\/donsp\/?page_id=4676"},"modified":"2025-11-26T23:08:21","modified_gmt":"2025-11-26T21:08:21","slug":"domov","status":"publish","type":"page","link":"https:\/\/www.donsp.sk\/donsp\/","title":{"rendered":""},"content":{"rendered":"<div id=\"metaslider-id-4654\" style=\"width: 100%;\" class=\"ml-slider-3-106-0 metaslider metaslider-nivo metaslider-4654 ml-slider has-dots-nav ms-theme-nivo-light\" role=\"region\" aria-label=\"New Slideshow\" data-height=\"400\" data-width=\"1000\">\n    <div id=\"metaslider_container_4654\">\n        <div class='slider-wrapper theme-default'><div class='ribbon'><\/div><div id='metaslider_4654' class='nivoSlider'><img loading=\"lazy\" decoding=\"async\" src=\"https:\/\/www.donsp.sk\/donsp\/wp-content\/uploads\/banner-nsp-1000x400.jpg\" height=\"400\" width=\"1000\" title=\"banner nsp\" alt=\"donsp foto\" class=\"slider-4654 slide-4657 msDefaultImage\" \/><img loading=\"lazy\" decoding=\"async\" src=\"https:\/\/www.donsp.sk\/donsp\/wp-content\/uploads\/vucerecept-1-1000x400.png\" height=\"400\" width=\"1000\" title=\"vucerecept-1\" alt=\"ZSK info erecept\" class=\"slider-4654 slide-4658 msDefaultImage\" \/><img loading=\"lazy\" decoding=\"async\" src=\"https:\/\/www.donsp.sk\/donsp\/wp-content\/uploads\/ZSK_ISSUU_wide_1200-965x386.jpg\" height=\"400\" width=\"1000\" title=\"ZSK_ISSUU_wide_1200\" alt=\"zupne noviny ZAkraj\" class=\"slider-4654 slide-4662 msDefaultImage\" \/><img loading=\"lazy\" decoding=\"async\" src=\"https:\/\/www.donsp.sk\/donsp\/wp-content\/uploads\/slidevuc-957x383.jpg\" height=\"400\" width=\"1000\" title=\"slidevuc\" alt=\"epidural neplatite\" class=\"slider-4654 slide-4663 msDefaultImage\" \/><\/div><\/div>\n        \n    <\/div>\n<\/div>\n\n\n<style id=\"sp_pcp_dynamic_style8264\">#pcp_wrapper-8264:not(.sps-glossary-layout) .sp-pcp-row,#pcp_wrapper-8264 .sps-glossary-items-group .sps-glossary-items-content {margin-right: -10px;margin-left: -10px;}#pcp_wrapper-8264 .sp-pcp-row [class*='sp-pcp-col-']{padding-right: 10px;padding-left: 10px; padding-bottom:10px;}.pcp-wrapper-8264 .sp-pcp-title a {color: #111;display: inherit;} .pcp-wrapper-8264 .sp-pcp-title a:hover {color: #e1624b;}#pcp_wrapper-8264 .dots .swiper-pagination-bullet{ background: #cccccc; } #pcp_wrapper-8264 .dots .swiper-pagination-bullet-active { background: #D64224; }#pcp_wrapper-8264 .pcp-button-prev,#pcp_wrapper-8264 .pcp-button-next{ background-image: none; background-size: auto; background-color: #fff; height: 33px; width: 33px; margin-top: 8px; border: 1px solid #aaa; text-align: center; line-height: 30px; -webkit-transition: 0.3s; border-radius: 0px; }#pcp_wrapper-8264 .pcp-button-prev:hover, #pcp_wrapper-8264 .pcp-button-next:hover{ background-color: #D64224; border-color: #e1624b; } #pcp_wrapper-8264 .pcp-button-prev .fa, #pcp_wrapper-8264 .pcp-button-next .fa { color: #aaa; } #pcp_wrapper-8264 .pcp-button-prev:hover .fa, #pcp_wrapper-8264 .pcp-button-next:hover .fa { color: #fff; } #pcp_wrapper-8264.pcp-carousel-wrapper .sp-pcp-post{ margin-top: 0; }#pcp_wrapper-8264 .sp-pcp-post {padding: 10px 10px 10px 10px;}#pcp_wrapper-8264.sp-slider_layout .sp-pcp-post .sp-pcp-post-details {top: 10px; right:10px; bottom:10px; left:10px;}#pcp_wrapper-8264 .sp-pcp-post {border: 0px solid #e2e2e2; border-radius: 10px }#pcp_wrapper-8264 .sp-pcp-post{background-color: transparent;}#pcp_wrapper-8264 .pcp-post-thumb-wrapper{border: 0px solid #dddddd;border-radius:0px;}.pcp-wrapper-8264 .sp-pcp-post-meta li,.pcp-wrapper-8264 .sp-pcp-post-meta ul,.pcp-wrapper-8264 .sp-pcp-post-meta li a{color: #888;}.pcp-wrapper-8264 .sp-pcp-post-meta li a:hover{color: #e1624b;}#pcp_wrapper-8264 .pcp-post-pagination .page-numbers.current, #pcp_wrapper-8264 .pcp-post-pagination a.active , #pcp_wrapper-8264 .pcp-post-pagination a:hover{ color: #ffffff; background: #e1624b; border-color: #e1624b; }#pcp_wrapper-8264 .pcp-post-pagination .page-numbers, .pcp-post-pagination a{ background: #ffffff; color:#5e5e5e; border: 2px solid #bbbbbb;border-radius: 2px; }#pcp_wrapper-8264 .pcp-post-pagination{text-align: left;}@media (min-width: 1200px) {.sp-pcp-row .sp-pcp-col-xl-1 {flex: 0 0 100%;}.sp-pcp-row .sp-pcp-col-xl-2 {flex: 1 1 calc( 50% - 20px);}.sp-pcp-row .sp-pcp-col-xl-3 {flex: 1 1 calc( 33.333% - 20px);}.sp-pcp-row .sp-pcp-col-xl-4 {flex: 1 1 calc( 25% - 20px);}.sp-pcp-row .sp-pcp-col-xl-5 { flex: 1 1 calc( 20% - 20px);}.sp-pcp-row .sp-pcp-col-xl-6 {flex: 1 1 calc( 16.66666666666667% - 20px);}.sp-pcp-row .sp-pcp-col-xl-7 {flex: 1 1 calc( 14.28571428% - 20px);}.sp-pcp-row .sp-pcp-col-xl-8 {flex: 1 1 calc( 12.5% - 20px);}}@media (max-width: 1200px) {.sp-pcp-row .sp-pcp-col-lg-1 {flex: 0 0 100%;}.sp-pcp-row .sp-pcp-col-lg-2 {flex: 1 1 calc( 50% - 20px);}.sp-pcp-row .sp-pcp-col-lg-3 {flex: 1 1 calc( 33.333% - 20px);}.sp-pcp-row .sp-pcp-col-lg-4 {flex: 1 1 calc( 25% - 20px);}.sp-pcp-row .sp-pcp-col-lg-5 { flex: 1 1 calc( 20% - 20px);}.sp-pcp-row .sp-pcp-col-lg-6 {flex: 1 1 calc( 16.66666666666667% - 20px);}.sp-pcp-row .sp-pcp-col-lg-7 {flex: 1 1 calc( 14.28571428% - 20px);}.sp-pcp-row .sp-pcp-col-lg-8 {flex: 1 1 calc( 12.5% - 20px);}}@media (max-width: 992px) {.sp-pcp-row .sp-pcp-col-md-1 {flex: 0 0 100%;}.sp-pcp-row .sp-pcp-col-md-2 {flex: 1 1 calc( 50% - 20px);}.sp-pcp-row .sp-pcp-col-md-2-5 {flex: 0 0 75%;}.sp-pcp-row .sp-pcp-col-md-3 {flex: 1 1 calc( 33.333% - 20px);}.sp-pcp-row .sp-pcp-col-md-4 {flex: 1 1 calc( 25% - 20px);}.sp-pcp-row .sp-pcp-col-md-5 { flex: 1 1 calc( 20% - 20px);}.sp-pcp-row .sp-pcp-col-md-6 {flex: 1 1 calc( 16.66666666666667% - 20px);}.sp-pcp-row .sp-pcp-col-md-7 {flex: 1 1 calc( 14.28571428% - 20px);}.sp-pcp-row .sp-pcp-col-md-8 {flex: 1 1 calc( 12.5% - 20px);}}@media (max-width: 768px) {.sp-pcp-row .sp-pcp-col-sm-1 {flex: 0 0 100%;}.sp-pcp-row .sp-pcp-col-sm-2 {flex: 1 1 calc( 50% - 20px);}.sp-pcp-row .sp-pcp-col-sm-2-5 {flex: 0 0 75%;}.sp-pcp-row .sp-pcp-col-sm-3 {flex: 1 1 calc( 33.333% - 20px);}.sp-pcp-row .sp-pcp-col-sm-4 {flex: 1 1 calc( 25% - 20px);}.sp-pcp-row .sp-pcp-col-sm-5 { flex: 1 1 calc( 20% - 20px);}.sp-pcp-row .sp-pcp-col-sm-6 {flex: 1 1 calc( 16.66666666666667% - 20px);}.sp-pcp-row .sp-pcp-col-sm-7 {flex: 1 1 calc( 14.28571428% - 20px);}.sp-pcp-row .sp-pcp-col-sm-8 {flex: 1 1 calc( 12.5% - 20px);}}@media (max-width: 420px) {.sp-pcp-row .sp-pcp-col-xs-1 {flex: 0 0 100%;}.sp-pcp-row .sp-pcp-col-xs-2 {flex: 1 1 calc( 50% - 20px);}.sp-pcp-row .sp-pcp-col-xs-3 {flex: 1 1 calc( 33.333% - 20px);}.sp-pcp-row .sp-pcp-col-xs-4 {flex: 1 1 calc( 25% - 20px);}.sp-pcp-row .sp-pcp-col-xs-5 { flex: 1 1 calc( 20% - 20px);}.sp-pcp-row .sp-pcp-col-xs-6 {flex: 1 1 calc( 16.66666666666667% - 20px);}.sp-pcp-row .sp-pcp-col-xs-7 {flex: 1 1 calc( 14.28571428% - 20px);}.sp-pcp-row .sp-pcp-col-xs-8 {flex: 1 1 calc( 12.5% - 20px);}}<\/style><!-- Markup Starts -->\n<div id=\"pcp_wrapper-8264\" class=\"sp-pcp-section sp-pcp-container pcp-wrapper-8264 pcp-carousel-wrapper standard sp-carousel_layout\" data-sid=\"8264\">\n<div id=\"pcp-preloader\" class=\"pcp-preloader\"><\/div>\n\t\t<div id=\"sp-pcp-id-8264\" class=\"swiper-container sp-pcp-carousel top_right\" dir=\"ltr\" data-carousel='{ \"speed\":600, \"items\":4, \"spaceBetween\":20, \"dynamicBullets\": true, \"navigation\":false, \"pagination\": true, \"autoplay\": true, \"autoplay_speed\": 2000, \"loop\": true, \"autoHeight\": false, \"lazy\":  true, \"simulateTouch\": true, \"freeMode\": false, \"slider_mouse_wheel\": false,\"allowTouchMove\": true, \"slidesPerView\": {\"lg_desktop\": 4, \"desktop\": 4, \"tablet\": 3, \"mobile_landscape\": 2, \"mobile\": 1}, \"navigation_mobile\": false, \"pagination_mobile\": true, \"stop_onHover\": true, \"enabled\": true, \"prevSlideMessage\": \"Previous slide\", \"nextSlideMessage\": \"Next slide\", \"firstSlideMessage\": \"This is the first slide\", \"lastSlideMessage\": \"This is the last slide\", \"keyboard\": \"true\", \"paginationBulletMessage\": \"Go to slide {{index}}\" }'>\n\t\t\t<div class=\"swiper-wrapper\">\n\t\t\t\t\t\t<div class=\" swiper-slide swiper-lazy\">\n\t\t\t<div class=\"sp-pcp-post default pcp-item-9275\" data-id=\"9275\">\n\t\t\t\t\t\t\t\t<div class=\"sp-pcp-post-details\">\n\t\t\t\t\t<div class=\"sp-pcp-post-details-content\">\n\t\t\t\t\t\t\t\t<h2 class=\"sp-pcp-title\">\n\t\t\t\t\t\t\t\t\t<a href=\"https:\/\/www.donsp.sk\/donsp\/labky-na-pomoc-detske-oddelenie-ozilo-vdaka-specialnej-navsteve\/\"  target=\"_self\">Labky na pomoc: Detsk\u00e9 oddelenie o\u017eilo v\u010faka \u0161peci\u00e1lnej n\u00e1v\u0161teve<\/a>\t\t\t\t\t\t\t<\/h2>\n\t\t\t\t\t\t<div class=\"sp-pcp-post-meta\">\n\t\t\t<ul><li>\t\t\t\t\t<i class=\"fa fa-calendar\"><\/i>\n\t\t\t\t\t<time class=\"entry-date published updated\">07.05.2026<\/time>\n\t\t\t\t\t<\/li><\/ul>\t\t<\/div>\n\t\t\t\t\t\t\t\t<\/div>\n\t\t\t\t<\/div>\n\t\t\t<\/div>\n\t\t<\/div>\n\t\t\t\t<div class=\" swiper-slide swiper-lazy\">\n\t\t\t<div class=\"sp-pcp-post default pcp-item-9271\" data-id=\"9271\">\n\t\t\t\t\t\t\t\t<div class=\"sp-pcp-post-details\">\n\t\t\t\t\t<div class=\"sp-pcp-post-details-content\">\n\t\t\t\t\t\t\t\t<h2 class=\"sp-pcp-title\">\n\t\t\t\t\t\t\t\t\t<a href=\"https:\/\/www.donsp.sk\/donsp\/praca-v-piatok-8-maja\/\"  target=\"_self\">Ako pracujeme v piatok 8. m\u00e1ja<\/a>\t\t\t\t\t\t\t<\/h2>\n\t\t\t\t\t\t<div class=\"sp-pcp-post-meta\">\n\t\t\t<ul><li>\t\t\t\t\t<i class=\"fa fa-calendar\"><\/i>\n\t\t\t\t\t<time class=\"entry-date published updated\">06.05.2026<\/time>\n\t\t\t\t\t<\/li><\/ul>\t\t<\/div>\n\t\t\t\t\t\t\t\t<\/div>\n\t\t\t\t<\/div>\n\t\t\t<\/div>\n\t\t<\/div>\n\t\t\t\t<div class=\" swiper-slide swiper-lazy\">\n\t\t\t<div class=\"sp-pcp-post default pcp-item-9266\" data-id=\"9266\">\n\t\t\t\t\t\t\t\t<div class=\"sp-pcp-post-details\">\n\t\t\t\t\t<div class=\"sp-pcp-post-details-content\">\n\t\t\t\t\t\t\t\t<h2 class=\"sp-pcp-title\">\n\t\t\t\t\t\t\t\t\t<a href=\"https:\/\/www.donsp.sk\/donsp\/oslavujeme-medzinarodny-den-porodnych-asistentiek-srdce-nasej-porodnice-v-dolnooravskej-nemocnici\/\"  target=\"_self\">Oslavujeme Medzin\u00e1rodn\u00fd de\u0148 p\u00f4rodn\u00fdch asistentiek: Srdce na\u0161ej p\u00f4rodnice<\/a>\t\t\t\t\t\t\t<\/h2>\n\t\t\t\t\t\t<div class=\"sp-pcp-post-meta\">\n\t\t\t<ul><li>\t\t\t\t\t<i class=\"fa fa-calendar\"><\/i>\n\t\t\t\t\t<time class=\"entry-date published updated\">06.05.2026<\/time>\n\t\t\t\t\t<\/li><\/ul>\t\t<\/div>\n\t\t\t\t\t\t\t\t<\/div>\n\t\t\t\t<\/div>\n\t\t\t<\/div>\n\t\t<\/div>\n\t\t\t\t<div class=\" swiper-slide swiper-lazy\">\n\t\t\t<div class=\"sp-pcp-post default pcp-item-9254\" data-id=\"9254\">\n\t\t\t\t\t\t\t\t<div class=\"sp-pcp-post-details\">\n\t\t\t\t\t<div class=\"sp-pcp-post-details-content\">\n\t\t\t\t\t\t\t\t<h2 class=\"sp-pcp-title\">\n\t\t\t\t\t\t\t\t\t<a href=\"https:\/\/www.donsp.sk\/donsp\/ciste-ruky-zachranuju-zivoty\/\"  target=\"_self\">\u010cist\u00e9 ruky zachra\u0148uj\u00fa \u017eivoty<\/a>\t\t\t\t\t\t\t<\/h2>\n\t\t\t\t\t\t<div class=\"sp-pcp-post-meta\">\n\t\t\t<ul><li>\t\t\t\t\t<i class=\"fa fa-calendar\"><\/i>\n\t\t\t\t\t<time class=\"entry-date published updated\">05.05.2026<\/time>\n\t\t\t\t\t<\/li><\/ul>\t\t<\/div>\n\t\t\t\t\t\t\t\t<\/div>\n\t\t\t\t<\/div>\n\t\t\t<\/div>\n\t\t<\/div>\n\t\t\t\t<div class=\" swiper-slide swiper-lazy\">\n\t\t\t<div class=\"sp-pcp-post default pcp-item-9251\" data-id=\"9251\">\n\t\t\t\t\t\t\t\t<div class=\"sp-pcp-post-details\">\n\t\t\t\t\t<div class=\"sp-pcp-post-details-content\">\n\t\t\t\t\t\t\t\t<h2 class=\"sp-pcp-title\">\n\t\t\t\t\t\t\t\t\t<a href=\"https:\/\/www.donsp.sk\/donsp\/hladame-sestru-na-novorodenecke-oddelenie-4\/\"  target=\"_self\">H\u013ead\u00e1me sestru na novorodeneck\u00e9 oddelenie<\/a>\t\t\t\t\t\t\t<\/h2>\n\t\t\t\t\t\t<div class=\"sp-pcp-post-meta\">\n\t\t\t<ul><li>\t\t\t\t\t<i class=\"fa fa-calendar\"><\/i>\n\t\t\t\t\t<time class=\"entry-date published updated\">03.05.2026<\/time>\n\t\t\t\t\t<\/li><\/ul>\t\t<\/div>\n\t\t\t\t\t\t\t\t<\/div>\n\t\t\t\t<\/div>\n\t\t\t<\/div>\n\t\t<\/div>\n\t\t\t\t<div class=\" swiper-slide swiper-lazy\">\n\t\t\t<div class=\"sp-pcp-post default pcp-item-9247\" data-id=\"9247\">\n\t\t\t\t\t\t\t\t<div class=\"sp-pcp-post-details\">\n\t\t\t\t\t<div class=\"sp-pcp-post-details-content\">\n\t\t\t\t\t\t\t\t<h2 class=\"sp-pcp-title\">\n\t\t\t\t\t\t\t\t\t<a href=\"https:\/\/www.donsp.sk\/donsp\/surne-potrebujeme-darcov-krvi-skupina-0-negativny-rh-faktor-3\/\"  target=\"_self\">S\u00farne potrebujeme darcov krvi skupina 0 negat\u00edvny Rh faktor!<\/a>\t\t\t\t\t\t\t<\/h2>\n\t\t\t\t\t\t<div class=\"sp-pcp-post-meta\">\n\t\t\t<ul><li>\t\t\t\t\t<i class=\"fa fa-calendar\"><\/i>\n\t\t\t\t\t<time class=\"entry-date published updated\">29.04.2026<\/time>\n\t\t\t\t\t<\/li><\/ul>\t\t<\/div>\n\t\t\t\t\t\t\t\t<\/div>\n\t\t\t\t<\/div>\n\t\t\t<\/div>\n\t\t<\/div>\n\t\t\t\t<div class=\" swiper-slide swiper-lazy\">\n\t\t\t<div class=\"sp-pcp-post default pcp-item-9243\" data-id=\"9243\">\n\t\t\t\t\t\t\t\t<div class=\"sp-pcp-post-details\">\n\t\t\t\t\t<div class=\"sp-pcp-post-details-content\">\n\t\t\t\t\t\t\t\t<h2 class=\"sp-pcp-title\">\n\t\t\t\t\t\t\t\t\t<a href=\"https:\/\/www.donsp.sk\/donsp\/mame-za-sebou-100-porodov-na-gauci-a-vzdelavame-sa-dalej\/\"  target=\"_self\">M\u00e1me za sebou 100 p\u00f4rodov na gau\u010di a vzdel\u00e1vame sa \u010falej<\/a>\t\t\t\t\t\t\t<\/h2>\n\t\t\t\t\t\t<div class=\"sp-pcp-post-meta\">\n\t\t\t<ul><li>\t\t\t\t\t<i class=\"fa fa-calendar\"><\/i>\n\t\t\t\t\t<time class=\"entry-date published updated\">28.04.2026<\/time>\n\t\t\t\t\t<\/li><\/ul>\t\t<\/div>\n\t\t\t\t\t\t\t\t<\/div>\n\t\t\t\t<\/div>\n\t\t\t<\/div>\n\t\t<\/div>\n\t\t\t\t<div class=\" swiper-slide swiper-lazy\">\n\t\t\t<div class=\"sp-pcp-post default pcp-item-9222\" data-id=\"9222\">\n\t\t\t\t\t\t\t\t<div class=\"sp-pcp-post-details\">\n\t\t\t\t\t<div class=\"sp-pcp-post-details-content\">\n\t\t\t\t\t\t\t\t<h2 class=\"sp-pcp-title\">\n\t\t\t\t\t\t\t\t\t<a href=\"https:\/\/www.donsp.sk\/donsp\/buducnost-zdravotnictva-pod-jednou-strechou-dolnooravska-nemocnica-uspesne-reprezentovala-nas-region-na-medifutura\/\"  target=\"_self\">Bud\u00facnos\u0165 zdravotn\u00edctva pod jednou strechou. Dolnooravsk\u00e1 nemocnica \u00faspe\u0161ne reprezentovala n\u00e1\u0161 regi\u00f3n na MediFutura<\/a>\t\t\t\t\t\t\t<\/h2>\n\t\t\t\t\t\t<div class=\"sp-pcp-post-meta\">\n\t\t\t<ul><li>\t\t\t\t\t<i class=\"fa fa-calendar\"><\/i>\n\t\t\t\t\t<time class=\"entry-date published updated\">27.04.2026<\/time>\n\t\t\t\t\t<\/li><\/ul>\t\t<\/div>\n\t\t\t\t\t\t\t\t<\/div>\n\t\t\t\t<\/div>\n\t\t\t<\/div>\n\t\t<\/div>\n\t\t\t\t<div class=\" swiper-slide swiper-lazy\">\n\t\t\t<div class=\"sp-pcp-post default pcp-item-9217\" data-id=\"9217\">\n\t\t\t\t\t\t\t\t<div class=\"sp-pcp-post-details\">\n\t\t\t\t\t<div class=\"sp-pcp-post-details-content\">\n\t\t\t\t\t\t\t\t<h2 class=\"sp-pcp-title\">\n\t\t\t\t\t\t\t\t\t<a href=\"https:\/\/www.donsp.sk\/donsp\/osobnosti-oravskeho-vyznamu-medzi-ocenenymi-lidrami-je-aj-riaditel-nemocnice-jozef-mintal\/\"  target=\"_self\">Osobnosti oravsk\u00e9ho v\u00fdznamu: Medzi ocenen\u00fdmi l\u00eddrami je aj riadite\u013e nemocnice Jozef Mint\u00e1l<\/a>\t\t\t\t\t\t\t<\/h2>\n\t\t\t\t\t\t<div class=\"sp-pcp-post-meta\">\n\t\t\t<ul><li>\t\t\t\t\t<i class=\"fa fa-calendar\"><\/i>\n\t\t\t\t\t<time class=\"entry-date published updated\">23.04.2026<\/time>\n\t\t\t\t\t<\/li><\/ul>\t\t<\/div>\n\t\t\t\t\t\t\t\t<\/div>\n\t\t\t\t<\/div>\n\t\t\t<\/div>\n\t\t<\/div>\n\t\t\t\t<div class=\" swiper-slide swiper-lazy\">\n\t\t\t<div class=\"sp-pcp-post default pcp-item-9212\" data-id=\"9212\">\n\t\t\t\t\t\t\t\t<div class=\"sp-pcp-post-details\">\n\t\t\t\t\t<div class=\"sp-pcp-post-details-content\">\n\t\t\t\t\t\t\t\t<h2 class=\"sp-pcp-title\">\n\t\t\t\t\t\t\t\t\t<a href=\"https:\/\/www.donsp.sk\/donsp\/investujte-par-minut-do-svojho-zdravia-a-buducnosti\/\"  target=\"_self\">Investujte p\u00e1r min\u00fat do svojho zdravia a bud\u00facnosti<\/a>\t\t\t\t\t\t\t<\/h2>\n\t\t\t\t\t\t<div class=\"sp-pcp-post-meta\">\n\t\t\t<ul><li>\t\t\t\t\t<i class=\"fa fa-calendar\"><\/i>\n\t\t\t\t\t<time class=\"entry-date published updated\">22.04.2026<\/time>\n\t\t\t\t\t<\/li><\/ul>\t\t<\/div>\n\t\t\t\t\t\t\t\t<\/div>\n\t\t\t\t<\/div>\n\t\t\t<\/div>\n\t\t<\/div>\n\t\t\t\t\t<\/div>\n\t\t\t\t\t\t<div class=\"pcp-pagination swiper-pagination dots\"><\/div>\n\t\t\t\t\t\t\t<\/div>\n<\/div>\n\n\n\n\n<div class=\"wp-block-buttons is-content-justification-center is-layout-flex wp-container-core-buttons-is-layout-16018d1d wp-block-buttons-is-layout-flex\">\n<div class=\"wp-block-button has-custom-width wp-block-button__width-25\"><a class=\"wp-block-button__link wp-element-button\" href=\"https:\/\/www.donsp.sk\/donsp\/clanky\/Novinky\/\">Viac aktual\u00edt<\/a><\/div>\n<\/div>\n\n\n\n<div class=\"wp-block-columns is-layout-flex wp-container-core-columns-is-layout-9d6595d7 wp-block-columns-is-layout-flex\">\n<div class=\"wp-block-column is-layout-flow wp-block-column-is-layout-flow\" style=\"flex-basis:25%\">\n<figure class=\"wp-block-image size-full is-resized home-ico\"><a href=\"https:\/\/www.donsp.sk\/donsp\/objednavanie\/\"><img loading=\"lazy\" decoding=\"async\" width=\"512\" height=\"512\" src=\"https:\/\/www.donsp.sk\/donsp\/wp-content\/uploads\/booking-icon.png\" alt=\"objednajte sa\" class=\"wp-image-8040\" style=\"width:207px;height:auto\" title=\"OBJEDNAJTE SA\" srcset=\"https:\/\/www.donsp.sk\/donsp\/wp-content\/uploads\/booking-icon.png 512w, https:\/\/www.donsp.sk\/donsp\/wp-content\/uploads\/booking-icon-300x300.png 300w, https:\/\/www.donsp.sk\/donsp\/wp-content\/uploads\/booking-icon-150x150.png 150w, https:\/\/www.donsp.sk\/donsp\/wp-content\/uploads\/booking-icon-400x400.png 400w\" sizes=\"auto, (max-width: 512px) 100vw, 512px\" \/><\/a><\/figure>\n\n\n\n<h4 class=\"wp-block-heading has-text-align-center\"><a href=\"https:\/\/www.donsp.sk\/donsp\/objednavanie\/\">Objednajte sa<\/a><\/h4>\n<\/div>\n\n\n\n<div class=\"wp-block-column is-layout-flow wp-block-column-is-layout-flow\" style=\"flex-basis:25%\">\n<figure class=\"wp-block-image size-full is-resized home-ico\"><a href=\"https:\/\/www.donsp.sk\/donsp\/telefonny-zoznam\/\"><img loading=\"lazy\" decoding=\"async\" width=\"512\" height=\"512\" src=\"https:\/\/www.donsp.sk\/donsp\/wp-content\/uploads\/telephone-contacts.png\" alt=\"telefonny zoznam\" class=\"wp-image-8313\" style=\"width:207px;height:auto\" title=\"telefonny zoznam\" srcset=\"https:\/\/www.donsp.sk\/donsp\/wp-content\/uploads\/telephone-contacts.png 512w, https:\/\/www.donsp.sk\/donsp\/wp-content\/uploads\/telephone-contacts-300x300.png 300w, https:\/\/www.donsp.sk\/donsp\/wp-content\/uploads\/telephone-contacts-150x150.png 150w, https:\/\/www.donsp.sk\/donsp\/wp-content\/uploads\/telephone-contacts-400x400.png 400w\" sizes=\"auto, (max-width: 512px) 100vw, 512px\" \/><\/a><\/figure>\n\n\n\n<h4 class=\"wp-block-heading has-text-align-center\"><a href=\"https:\/\/www.donsp.sk\/donsp\/telefonny-zoznam\/\">Telef\u00f3nny zoznam<\/a><\/h4>\n<\/div>\n\n\n\n<div class=\"wp-block-column is-layout-flow wp-block-column-is-layout-flow\" style=\"flex-basis:25%\">\n<figure class=\"wp-block-image size-full is-resized home-ico\"><a href=\"https:\/\/www.donsp.sk\/donsp\/kontakt\/kde-nas-najdete\/\"><img loading=\"lazy\" decoding=\"async\" width=\"1024\" height=\"1024\" src=\"https:\/\/www.donsp.sk\/donsp\/wp-content\/uploads\/chatgpt-image-26.-11.-2025-13_12_23.png\" alt=\"orientacna mapa\" class=\"wp-image-8315\" style=\"width:207px;height:auto\" title=\"orientacna mapa\" srcset=\"https:\/\/www.donsp.sk\/donsp\/wp-content\/uploads\/chatgpt-image-26.-11.-2025-13_12_23.png 1024w, https:\/\/www.donsp.sk\/donsp\/wp-content\/uploads\/chatgpt-image-26.-11.-2025-13_12_23-300x300.png 300w, https:\/\/www.donsp.sk\/donsp\/wp-content\/uploads\/chatgpt-image-26.-11.-2025-13_12_23-150x150.png 150w, https:\/\/www.donsp.sk\/donsp\/wp-content\/uploads\/chatgpt-image-26.-11.-2025-13_12_23-768x768.png 768w, https:\/\/www.donsp.sk\/donsp\/wp-content\/uploads\/chatgpt-image-26.-11.-2025-13_12_23-750x750.png 750w, https:\/\/www.donsp.sk\/donsp\/wp-content\/uploads\/chatgpt-image-26.-11.-2025-13_12_23-400x400.png 400w\" sizes=\"auto, (max-width: 1024px) 100vw, 1024px\" \/><\/a><\/figure>\n\n\n\n<h4 class=\"wp-block-heading has-text-align-center\"><a href=\"https:\/\/www.donsp.sk\/donsp\/kontakt\/kde-nas-najdete\/\">Orienta\u010dn\u00e1 mapa<\/a><\/h4>\n<\/div>\n\n\n\n<div class=\"wp-block-column is-layout-flow wp-block-column-is-layout-flow\" style=\"flex-basis:25%\">\n<figure class=\"wp-block-image size-full is-resized home-ico\"><a href=\"https:\/\/www.donsp.sk\/donsp\/o-nas\/kariera\/\"><img loading=\"lazy\" decoding=\"async\" width=\"1024\" height=\"1024\" src=\"https:\/\/www.donsp.sk\/donsp\/wp-content\/uploads\/chatgpt-image-26.-11.-2025-13_31_03.png\" alt=\"kariera\" class=\"wp-image-8320\" style=\"width:207px;height:auto\" title=\"kariera\" srcset=\"https:\/\/www.donsp.sk\/donsp\/wp-content\/uploads\/chatgpt-image-26.-11.-2025-13_31_03.png 1024w, https:\/\/www.donsp.sk\/donsp\/wp-content\/uploads\/chatgpt-image-26.-11.-2025-13_31_03-300x300.png 300w, https:\/\/www.donsp.sk\/donsp\/wp-content\/uploads\/chatgpt-image-26.-11.-2025-13_31_03-150x150.png 150w, https:\/\/www.donsp.sk\/donsp\/wp-content\/uploads\/chatgpt-image-26.-11.-2025-13_31_03-768x768.png 768w, https:\/\/www.donsp.sk\/donsp\/wp-content\/uploads\/chatgpt-image-26.-11.-2025-13_31_03-750x750.png 750w, https:\/\/www.donsp.sk\/donsp\/wp-content\/uploads\/chatgpt-image-26.-11.-2025-13_31_03-400x400.png 400w\" sizes=\"auto, (max-width: 1024px) 100vw, 1024px\" \/><\/a><\/figure>\n\n\n\n<h4 class=\"wp-block-heading has-text-align-center\"><a href=\"https:\/\/www.donsp.sk\/donsp\/o-nas\/kariera\/\">Pracovn\u00e9 miesta<\/a><\/h4>\n<\/div>\n<\/div>\n\n\n\n<p><\/p>\n","protected":false},"excerpt":{"rendered":"<p>Objednajte sa Telef&oacute;nny zoznam Orienta&#269;n&aacute; mapa Pracovn&eacute; miesta<\/p>\n","protected":false},"author":3,"featured_media":0,"parent":0,"menu_order":0,"comment_status":"closed","ping_status":"closed","template":"","meta":{"_seopress_robots_primary_cat":"0","_seopress_titles_title":"","_seopress_titles_desc":"Dolnooravsk\u00e1 nemocnica L. N. J\u00e9g\u00e9ho v Dolnom Kub\u00edne je nemocnicou nadregion\u00e1lneho v\u00fdznamu, s v\u00fdznamn\u00fdm podielom pacientov z in\u00fdch regi\u00f3nov.","_seopress_robots_index":"","pgc_sgb_lightbox_settings":"","footnotes":""},"class_list":["post-4676","page","type-page","status-publish","hentry"],"_links":{"self":[{"href":"https:\/\/www.donsp.sk\/donsp\/wp-json\/wp\/v2\/pages\/4676","targetHints":{"allow":["GET"]}}],"collection":[{"href":"https:\/\/www.donsp.sk\/donsp\/wp-json\/wp\/v2\/pages"}],"about":[{"href":"https:\/\/www.donsp.sk\/donsp\/wp-json\/wp\/v2\/types\/page"}],"author":[{"embeddable":true,"href":"https:\/\/www.donsp.sk\/donsp\/wp-json\/wp\/v2\/users\/3"}],"replies":[{"embeddable":true,"href":"https:\/\/www.donsp.sk\/donsp\/wp-json\/wp\/v2\/comments?post=4676"}],"version-history":[{"count":18,"href":"https:\/\/www.donsp.sk\/donsp\/wp-json\/wp\/v2\/pages\/4676\/revisions"}],"predecessor-version":[{"id":8371,"href":"https:\/\/www.donsp.sk\/donsp\/wp-json\/wp\/v2\/pages\/4676\/revisions\/8371"}],"wp:attachment":[{"href":"https:\/\/www.donsp.sk\/donsp\/wp-json\/wp\/v2\/media?parent=4676"}],"curies":[{"name":"wp","href":"https:\/\/api.w.org\/{rel}","templated":true}]}}