{"id":4278,"date":"2020-02-12T12:02:15","date_gmt":"2020-02-12T10:02:15","guid":{"rendered":"http:\/\/www.donsp.sk\/donsp\/?page_id=4278"},"modified":"2024-10-21T08:51:04","modified_gmt":"2024-10-21T06:51:04","slug":"kamerove-zaznamy","status":"publish","type":"page","link":"https:\/\/www.donsp.sk\/donsp\/informacie\/kamerove-zaznamy\/","title":{"rendered":"Kamerov\u00e9 z\u00e1znamy"},"content":{"rendered":"<p><strong>Informa\u010dn\u00e1 povinnos\u0165 ku kamerov\u00fdm z\u00e1znamom<\/strong><\/p>\n<p><strong>Dolnooravsk\u00e1 nemocnica s\u00a0poliklinikou MUDr. L. N\u00e1da\u0161i-J\u00e9geho<\/strong>, so s\u00eddlom Nemocni\u010dn\u00e1 1944\/10, 026\u00a001 Doln\u00fd Kub\u00edn, I\u010cO: 00\u00a0634\u00a0905, zast\u00fapen\u00e1: PhDr. Jozef Mint\u00e1l MBA- riadite\u013e, (\u010falej tie\u017e ako \u201e<strong>prev\u00e1dzkovate\u013e<\/strong>\u201c) v\u00a0s\u00favislosti so splnen\u00edm informa\u010dn\u00fdch povinnost\u00ed pod\u013ea \u010dl. 13 Nariadenia Eur\u00f3pskeho parlamentu a\u00a0Rady (E\u00da) 2016\/679 z\u00a027. apr\u00edla 2016 o ochrane fyzick\u00fdch os\u00f4b pri sprac\u00favan\u00ed osobn\u00fdch \u00fadajov a\u00a0o\u00a0vo\u013enom pohybe tak\u00fdchto \u00fadajov, ktor\u00fdm sa zru\u0161uje smernica 95\/46\/ES (\u010falej len \u201eNariadenie\u201c) a \u00a7 19 z\u00e1kona \u010d. 18\/2018 Z.z. o\u00a0ochrane osobn\u00fdch \u00fadajov (\u010falej tie\u017e ako \u201ez\u00e1kon o OO\u00da\u201c), poskytuje dotknutej osobe nasledovn\u00e9 inform\u00e1cie.<\/p>\n<ol>\n<li><strong>Identifika\u010dn\u00e9 \u00fadaje a kontaktn\u00e9 \u00fadaje prev\u00e1dzkovate\u013ea:<\/strong><\/li>\n<\/ol>\n<p>Prev\u00e1dzkovate\u013e:\u00a0\u00a0\u00a0\u00a0\u00a0\u00a0\u00a0\u00a0\u00a0\u00a0 <strong>Dolnooravsk\u00e1 nemocnica s\u00a0poliklinikou MUDr. L. N\u00e1da\u0161i-J\u00e9geho<\/strong><\/p>\n<p>s\u00eddlo:\u00a0\u00a0\u00a0\u00a0\u00a0\u00a0\u00a0\u00a0\u00a0\u00a0\u00a0\u00a0\u00a0\u00a0\u00a0\u00a0\u00a0\u00a0\u00a0\u00a0\u00a0\u00a0\u00a0\u00a0\u00a0\u00a0 Nemocni\u010dn\u00e1 1944\/10, 026\u00a001 Doln\u00fd Kub\u00edn<\/p>\n<p>I\u010cO: \u00a0\u00a0\u00a0\u00a0\u00a0\u00a0\u00a0\u00a0\u00a0\u00a0\u00a0\u00a0\u00a0\u00a0\u00a0\u00a0\u00a0\u00a0\u00a0\u00a0\u00a0\u00a0\u00a0\u00a0\u00a0\u00a0 00\u00a0634\u00a0905<\/p>\n<p>zast\u00fapenie: \u00a0\u00a0\u00a0\u00a0\u00a0\u00a0\u00a0\u00a0\u00a0\u00a0\u00a0\u00a0\u00a0\u00a0\u00a0\u00a0\u00a0 PhDr. Jozef Mint\u00e1l MBA- riadite\u013e<\/p>\n<p>kontaktn\u00e9 \u00fadaje: \u00a0\u00a0\u00a0\u00a0\u00a0\u00a0\u00a0\u00a0\u00a0 email: donsp@donsp.sk, tel.: 043\/5801 202<\/p>\n<p>\u00a0<\/p>\n<ol start=\"2\">\n<li><strong>Kontaktn\u00e9 \u00fadaje zodpovednej osoby prev\u00e1dzkovate\u013ea:<\/strong><strong style=\"font-size: revert;\">\u00a0<\/strong><\/li>\n<\/ol>\n<p><strong>Zodpovedn\u00e1 osoba:\u00a0\u00a0\u00a0\u00a0 <\/strong><strong>Advok\u00e1tska kancel\u00e1ria B\u00c1NOS &amp; KO\u0160\u00daTOV\u00c1 s. r. o.<\/strong><\/p>\n<p>e-mailov\u00e1 adresa:\u00a0\u00a0\u00a0\u00a0\u00a0\u00a0\u00a0\u00a0 <a href=\"mailto:advokat@banos.sk\">advokat@banos.sk<\/a><\/p>\n<p>telef\u00f3nne \u010d\u00edslo: \u00a0\u00a0\u00a0\u00a0\u00a0\u00a0\u00a0\u00a0\u00a0\u00a0\u00a0 + 421 917\u00a0540\u00a0003<\/p>\n<p>\u00a0<\/p>\n<ol start=\"3\">\n<li><strong>\u00da\u010del sprac\u00favania osobn\u00fdch \u00fadajov, na ktor\u00fd s\u00fa osobn\u00e9 \u00fadaje ur\u010den\u00e9, ako aj pr\u00e1vny z\u00e1klad sprac\u00favania osobn\u00fdch \u00fadajov:<\/strong><\/li>\n<\/ol>\n<p><strong>\u00da\u010del:\u00a0\u00a0\u00a0 <\/strong>ochrana \u017eivota,\u00a0zdravia, majetku os\u00f4b a\u00a0prev\u00e1dzkovate\u013ea a\u00a0odha\u013eovanie kriminality<\/p>\n<p><strong>Pr\u00e1vny z\u00e1klad:<\/strong><\/p>\n<p>Prev\u00e1dzkovate\u013e sprac\u00fava osobn\u00e9 \u00fadaje dotknutej osoby, a\u00a0to z\u00e1znam fyzickej podoby a\u00a0prejavov fyzickej osoby, v zmysle \u010dl. 6 ods.1 p\u00edsm. f) Nariadenia a \u00a7 13 ods. 1 p\u00edsm. f) z\u00e1kona o\u00a0ochrane osobn\u00fdch \u00fadajov (sprac\u00favanie osobn\u00fdch \u00fadajov je nevyhnutn\u00e9 na \u00fa\u010del opr\u00e1vnen\u00fdch z\u00e1ujmov prev\u00e1dzkovate\u013ea alebo tretej strany okrem pr\u00edpadov, ke\u010f nad t\u00fdmito z\u00e1ujmami preva\u017euj\u00fa z\u00e1ujmy alebo pr\u00e1va dotknutej osoby vy\u017eaduj\u00face si ochranu osobn\u00fdch \u00fadajov). Opr\u00e1vnen\u00fdm z\u00e1ujmom je ochrana \u017eivota a\u00a0zdravia zamestnancov, pacientov a\u00a0in\u00fdch os\u00f4b, vstupuj\u00facich do priestorov prev\u00e1dzkovate\u013ea, a\u00a0tie\u017e ochrana majetku t\u00fdchto os\u00f4b. V\u00a0s\u00falade so z\u00e1sadou proporcionality, prev\u00e1dzkovate\u013e dospel k\u00a0z\u00e1veru, \u017ee ochrana majetku prev\u00e1dzkovate\u013ea (zamedzenie kr\u00e1de\u017eiam a vandalizmu, ku ktor\u00fdm m\u00f4\u017ee doch\u00e1dza\u0165 v\u00a0priestoroch prev\u00e1dzkovate\u013ea) a\u00a0jeho zamestnancov (zamedzenie kr\u00e1de\u017eiam majetku zamestnancov, a\u00a0in\u00fdch os\u00f4b) a\u00a0ochrana \u017eivota a\u00a0zdravia zamestnancov, pacientov a\u00a0in\u00fdch os\u00f4b (prev\u00e1dzkovate\u013e monitorovan\u00edm jeho priestorov autenticky a priebe\u017ene vyhodnocuje mo\u017en\u00e9 rizik\u00e1 na \u017eivot a\u00a0zdravie zamestnancov z\u00a0poh\u013eadu z\u00e1kona \u010d. 124\/2006 Z.z. o\u00a0bezpe\u010dnosti a\u00a0ochrane zdravia pri pr\u00e1ci) preva\u017euj\u00fa nad z\u00e1ujmom ochrany s\u00fakromia dotknutej osoby, a\u00a0to konkr\u00e9tne sprac\u00favan\u00edm video z\u00e1znamu fyzickej podoby a\u00a0prejavov dotknutej osoby. Z\u00e1ujem na ochrane \u013eudsk\u00e9ho \u017eivota, zdravia a\u00a0majetku prev\u00e1dzkovate\u013ea preva\u017euje nad z\u00e1ujmom ochrany s\u00fakromia dotknutej osoby.<\/p>\n<p>Prev\u00e1dzkovate\u013e sprac\u00fava osobn\u00e9 \u00fadaje dotknutej osoby, a\u00a0to z\u00e1znam fyzickej podoby a\u00a0prejavov fyzickej osoby, v zmysle \u00a7 13 ods. 1 p\u00edsm. f) z\u00e1kona o\u00a0ochrane osobn\u00fdch \u00fadajov (sprac\u00favanie osobn\u00fdch \u00fadajov je nevyhnutn\u00e9 na \u00fa\u010del opr\u00e1vnen\u00fdch z\u00e1ujmov prev\u00e1dzkovate\u013ea alebo tretej strany okrem pr\u00edpadov, ke\u010f nad t\u00fdmito z\u00e1ujmami preva\u017euj\u00fa z\u00e1ujmy alebo pr\u00e1va dotknutej osoby vy\u017eaduj\u00face si ochranu osobn\u00fdch \u00fadajov). Prev\u00e1dzkovate\u013e zaznamen\u00e1va fyzick\u00fa podobu a\u00a0prejavy fyzickej osoby prostredn\u00edctvom kamery umiestnenej na oddelen\u00ed JIS (Jednotky intenz\u00edvnej starostlivosti), ktor\u00e1 poskytuje obraz v\u00a0re\u00e1lnom \u010dase, a\u00a0to za \u00fa\u010delom ochrany \u017eivota a\u00a0zdravia dotknutej osoby, ktor\u00e1 si vy\u017eaduje neust\u00e1le monitorovanie \u017eivotn\u00fdch funkci\u00ed. Prev\u00e1dzkovate\u013e tak\u00fdto kamerov\u00fd z\u00e1znam neuklad\u00e1 a\u00a0neuchov\u00e1va.<\/p>\n<ol start=\"4\">\n<li><strong>Identifik\u00e1ciu pr\u00edjemcu alebo kateg\u00f3riu pr\u00edjemcu, ak existuje<\/strong><\/li>\n<\/ol>\n<p>\u0160t\u00e1tne in\u0161tit\u00facie za \u00fa\u010delom plnenia povinnost\u00ed prev\u00e1dzkovate\u013ea, a\u00a0to najm\u00e4 org\u00e1ny \u010dinn\u00e9 v trestnom konan\u00ed a\u00a0s\u00fady, pr\u00edpadne pois\u0165ovne, in\u0161pektor\u00e1ty pr\u00e1ce alebo in\u00e9 pr\u00edslu\u0161n\u00e9 in\u0161tit\u00facie.<strong>\u00a0<\/strong><\/p>\n<ol start=\"5\">\n<li><strong>Doba uchov\u00e1vania osobn\u00fdch \u00fadajov<\/strong><\/li>\n<\/ol>\n<p>Osobn\u00e9 \u00fadaje z\u00edskan\u00e9 prostredn\u00edctvom kamerov\u00e9ho syst\u00e9mu prev\u00e1dzkovate\u013e uchov\u00e1va po dobu <strong>72 hod\u00edn<\/strong>. Po uplynut\u00ed tejto doby s\u00fa osobn\u00e9 \u00fadaje vymazan\u00e9. Kamerov\u00fd z\u00e1znam na oddelen\u00ed JIS sa nevyhotovuje.<\/p>\n<ol start=\"6\">\n<li><strong>Cezhrani\u010dn\u00fd prenos osobn\u00fdch \u00fadajov mimo E\u00da<\/strong><strong style=\"font-size: revert;\">\u00a0<\/strong><\/li>\n<\/ol>\n<p>Cezhrani\u010dn\u00fd prenos osobn\u00fdch \u00fadajov do tret\u00edch kraj\u00edn mimo Eur\u00f3pskeho hospod\u00e1rskeho priestoru alebo medzin\u00e1rodnej organiz\u00e1cie sa neuskuto\u010d\u0148uje.\u00a0<\/p>\n<ol start=\"7\">\n<li><strong>Inform\u00e1cia o existencii automatizovan\u00e9ho rozhodovania (profilovanie)<\/strong><strong style=\"font-size: revert;\">\u00a0<\/strong><\/li>\n<\/ol>\n<p>Prev\u00e1dzkovate\u013e nevykon\u00e1va sprac\u00favanie osobn\u00fdch \u00fadajov zalo\u017een\u00e9 na automatizovanom individu\u00e1lnom rozhodovan\u00ed ani nevykon\u00e1va profilovanie.<\/p>\n<ol start=\"8\">\n<li><strong>Pr\u00e1va dotknutej osoby<\/strong><strong style=\"font-size: revert;\">\u00a0<\/strong><\/li>\n<\/ol>\n<p>Dotknut\u00e1 osoba m\u00e1 pr\u00e1vo:<\/p>\n<ul>\n<li><strong>po\u017eadova\u0165 pr\u00edstup k osobn\u00fdm \u00fadajom<\/strong> t\u00fdkaj\u00facich sa dotknutej osoby,<\/li>\n<\/ul>\n<p>Ako dotknut\u00e1 osoba m\u00e1te pr\u00e1vo na poskytnutie zoznamu osobn\u00fdch \u00fadajov, ktor\u00e9 m\u00e1me k\u00a0dispoz\u00edcii ako aj inform\u00e1cie o\u00a0tom ako Va\u0161e osobn\u00e9 \u00fadaje sprac\u00favame.\u00a0<\/p>\n<ul>\n<li><strong>na opravu osobn\u00fdch \u00fadajov<\/strong>,<\/li>\n<\/ul>\n<p>Prijali sme opatrenia, aby sme uchov\u00e1vali Va\u0161e presn\u00e9, \u00fapln\u00e9 a\u00a0aktu\u00e1lne osobn\u00e9 \u00fadaje. Ak si mysl\u00edte, \u017ee Va\u0161e osobn\u00e9 \u00fadaje, ktor\u00e9 uchov\u00e1vame nie s\u00fa presn\u00e9, \u00fapln\u00e9 a\u00a0aktu\u00e1lne, pros\u00edm informujte n\u00e1s o\u00a0tom.<\/p>\n<ul>\n<li><strong>na vymazanie osobn\u00fdch \u00fadajov<\/strong>,<\/li>\n<\/ul>\n<p>Ako dotknut\u00e1 osoba n\u00e1s m\u00f4\u017eete po\u017eiada\u0165 aj o vymazanie Va\u0161ich osobn\u00fdch \u00fadajov, ak s\u00fa na to splnen\u00e9 z\u00e1konom uveden\u00e9 d\u00f4vody, napr. ak u\u017e \u00fa\u010del sprac\u00favania skon\u010dil.<\/p>\n<ul>\n<li><strong>na obmedzenie sprac\u00favania osobn\u00fdch \u00fadajov<\/strong>,<\/li>\n<\/ul>\n<p>Ako dotknut\u00e1 osoba n\u00e1s m\u00f4\u017eete pri splnen\u00ed z\u00e1konn\u00fdch podmienok po\u017eiada\u0165, aby sme prestali pou\u017e\u00edva\u0165 Va\u0161e osobn\u00e9 \u00fadaje, napr. za situ\u00e1cie ak si mysl\u00edte, \u017ee Va\u0161e osobn\u00e9 \u00fadaje, ktor\u00e9 uchov\u00e1vame, s\u00fa nepresn\u00e9 a\u00a0pod.<\/p>\n<ul>\n<li><strong>namieta\u0165 sprac\u00favanie osobn\u00fdch \u00fadajov<\/strong>,<\/li>\n<\/ul>\n<p>Ako dotknut\u00e1 osoba m\u00e1te pr\u00e1vo namieta\u0165 sprac\u00favaniu Va\u0161ich \u00fadajov, v pr\u00edpade, ak ste nadobudli presved\u010denie, \u017ee na sprac\u00favanie osobn\u00fdch \u00fadajov nem\u00e1me pr\u00e1vny d\u00f4vod; napr. ak na\u0161e opr\u00e1vnen\u00e9 z\u00e1ujmy na sprac\u00favanie osobn\u00fdch \u00fadajov nepreva\u017euj\u00fa nad pr\u00e1vami alebo z\u00e1ujmami dotknutej osoby.<\/p>\n<ul>\n<li><strong>poda\u0165 n\u00e1vrh na za\u010datie konania resp. <\/strong><strong>s\u0165a\u017enos\u0165<\/strong> na dozorn\u00fd org\u00e1n,<\/li>\n<\/ul>\n<p>Ako dotknut\u00e1 osoba m\u00e1te pr\u00e1vo poda\u0165 n\u00e1vrh resp. s\u0165a\u017enos\u0165 na \u00darad na ochranu osobn\u00fdch \u00fadajov Slovenskej republiky, <a href=\"https:\/\/dataprotection.gov.sk\/\">https:\/\/dataprotection.gov.sk<\/a> , Hrani\u010dn\u00e1 12, 820 07 Bratislava 27; tel. \u010d\u00edslo: +421 \/2\/ 3231 3214; E-mail: <a href=\"mailto:statny.dozor@pdp.gov.sk\">statny.dozor@pdp.gov.sk<\/a> .<\/p>\n<p>Dotknut\u00e1 osoba m\u00f4\u017ee po\u017eadova\u0165 v\u00fdkon vy\u0161\u0161ie uveden\u00fdch pr\u00e1v kedyko\u013evek, a\u00a0to prostredn\u00edctvom emailu <a href=\"mailto:advokat@banos.sk\"><strong>advokat@banos.sk<\/strong><\/a> alebo na tel. \u010d\u00edsle <strong>+421\u00a0917\u00a0540 003<\/strong><strong>, <\/strong>alebo p\u00edsomne na po\u0161tov\u00fa adresu s\u00eddla prev\u00e1dzkovate\u013ea. Prev\u00e1dzkovate\u013e vybav\u00ed \u017eiados\u0165 dotknutej osoby v\u00a0s\u00favislosti s\u00a0vy\u0161\u0161ie uveden\u00fdmi pr\u00e1vami v\u00a0z\u00e1konn\u00fdch lehot\u00e1ch.\u00a0<\/p>\n\n\n<p><\/p>\n","protected":false},"excerpt":{"rendered":"<p>Informa&#269;n&aacute; povinnos&#357; ku kamerov&yacute;m z&aacute;znamom Dolnooravsk&aacute; nemocnica s&nbsp;poliklinikou MUDr. L. N&aacute;da&scaron;i-J&eacute;geho, so s&iacute;dlom Nemocni&#269;n&aacute; 1944\/10, 026&nbsp;01 Doln&yacute; Kub&iacute;n, I&#268;O: 00&nbsp;634&nbsp;905, zast&uacute;pen&aacute;: PhDr. Jozef Mint&aacute;l MBA- riadite&#318;, (&#271;alej tie&#382; ako &bdquo;prev&aacute;dzkovate&#318;&ldquo;) v&nbsp;s&uacute;vislosti so splnen&iacute;m informa&#269;n&yacute;ch povinnost&iacute; pod&#318;a &#269;l. 13 Nariadenia Eur&oacute;pskeho&nbsp;<a class=\"read-more\" href=\"https:\/\/www.donsp.sk\/donsp\/informacie\/kamerove-zaznamy\/\"><\/a><\/p>\n","protected":false},"author":2,"featured_media":0,"parent":7,"menu_order":50,"comment_status":"closed","ping_status":"closed","template":"","meta":{"_seopress_robots_primary_cat":"0","_seopress_titles_title":"","_seopress_titles_desc":"","_seopress_robots_index":"","pgc_sgb_lightbox_settings":"","footnotes":""},"class_list":["post-4278","page","type-page","status-publish"],"_links":{"self":[{"href":"https:\/\/www.donsp.sk\/donsp\/wp-json\/wp\/v2\/pages\/4278","targetHints":{"allow":["GET"]}}],"collection":[{"href":"https:\/\/www.donsp.sk\/donsp\/wp-json\/wp\/v2\/pages"}],"about":[{"href":"https:\/\/www.donsp.sk\/donsp\/wp-json\/wp\/v2\/types\/page"}],"author":[{"embeddable":true,"href":"https:\/\/www.donsp.sk\/donsp\/wp-json\/wp\/v2\/users\/2"}],"replies":[{"embeddable":true,"href":"https:\/\/www.donsp.sk\/donsp\/wp-json\/wp\/v2\/comments?post=4278"}],"version-history":[{"count":1,"href":"https:\/\/www.donsp.sk\/donsp\/wp-json\/wp\/v2\/pages\/4278\/revisions"}],"predecessor-version":[{"id":6031,"href":"https:\/\/www.donsp.sk\/donsp\/wp-json\/wp\/v2\/pages\/4278\/revisions\/6031"}],"up":[{"embeddable":true,"href":"https:\/\/www.donsp.sk\/donsp\/wp-json\/wp\/v2\/pages\/7"}],"wp:attachment":[{"href":"https:\/\/www.donsp.sk\/donsp\/wp-json\/wp\/v2\/media?parent=4278"}],"curies":[{"name":"wp","href":"https:\/\/api.w.org\/{rel}","templated":true}]}}