{"id":42,"date":"2010-09-11T08:32:30","date_gmt":"2010-09-11T06:32:30","guid":{"rendered":"http:\/\/www.donsp.sk\/donsp\/?page_id=42"},"modified":"2025-11-26T23:12:30","modified_gmt":"2025-11-26T21:12:30","slug":"fyziatricko-rehabilitacne-oddelenie","status":"publish","type":"page","link":"https:\/\/www.donsp.sk\/donsp\/svalz\/fyziatricko-rehabilitacne-oddelenie\/","title":{"rendered":"Fyziatricko &#8211; rehabilita\u010dn\u00e9 oddelenie"},"content":{"rendered":"\n<p class=\"has-text-align-center\"><\/p>\n\n\n\n<div class=\"wp-block-columns alignwide visbg is-layout-flex wp-container-core-columns-is-layout-9d6595d7 wp-block-columns-is-layout-flex\">\n<div class=\"wp-block-column is-vertically-aligned-center visboard is-layout-flow wp-block-column-is-layout-flow\" style=\"flex-basis:50%\">\n<h5 class=\"wp-block-heading has-text-align-center\">FRO ambulancia 1<\/h5>\n\n\n\n<div class=\"wp-block-group\"><div class=\"wp-block-group__inner-container is-layout-flow wp-block-group-is-layout-flow\">\n<figure class=\"wp-block-table is-style-regular\"><table><tbody><tr><td>Pondelok \u2013 Piatok<\/td><td>7:00 \u2013 12:00 a 12:30-15:00<\/td><\/tr><tr><td>lek\u00e1r MUDr. Anna Horn\u00e1<\/td><td><a href=\"tel:421435801311\">+421 43 5801 311<\/a><\/td><\/tr><\/tbody><\/table><\/figure>\n<\/div><\/div>\n<\/div>\n\n\n\n<div class=\"wp-block-column is-vertically-aligned-center visboard is-layout-flow wp-block-column-is-layout-flow\" style=\"flex-basis:50%\">\n<h5 class=\"wp-block-heading has-text-align-center\">FRO ambulancia 2<\/h5>\n\n\n\n<div class=\"wp-block-group\"><div class=\"wp-block-group__inner-container is-layout-flow wp-block-group-is-layout-flow\">\n<figure class=\"wp-block-table is-style-regular\"><table><tbody><tr><td>Pondelok \u2013 Utorok<\/td><td>7:00 \u2013 12:00 a 12:30-15:00<\/td><\/tr><tr><td>lek\u00e1r MUDr. Katar\u00edna Ne\u010dasov\u00e1<\/td><td><a href=\"tel:421435801312\">+421 43 5801 312<\/a><\/td><\/tr><\/tbody><\/table><\/figure>\n<\/div><\/div>\n<\/div>\n<\/div>\n\n\n\n<div class=\"wp-block-columns alignwide visbg is-layout-flex wp-container-core-columns-is-layout-9d6595d7 wp-block-columns-is-layout-flex\">\n<div class=\"wp-block-column is-vertically-aligned-center visboard is-layout-flow wp-block-column-is-layout-flow\" style=\"flex-basis:50%\">\n<h5 class=\"wp-block-heading has-text-align-center\">Objedn\u00e1vanie<\/h5>\n\n\n\n<div class=\"wp-block-group\"><div class=\"wp-block-group__inner-container is-layout-flow wp-block-group-is-layout-flow\">\n<figure class=\"wp-block-table is-style-regular\"><table><tbody><tr><td>Pondelok \u2013 Piatok<\/td><td>7:00 \u2013 12:00 a 12:30-14:30<\/td><\/tr><tr><td>ved. fyzioterapeut FRO<\/td><td><a href=\"tel:421435801327\">+421 43 5801 327<\/a><\/td><\/tr><\/tbody><\/table><\/figure>\n<\/div><\/div>\n<\/div>\n<\/div>\n\n\n\n<p class=\"has-text-align-center\"><strong>\u00a0<\/strong><\/p>\n\n\n\n<p><strong>Ambulantn\u00e1 \u010das\u0165<\/strong>:<\/p>\n\n\n\n<p><strong>Prim\u00e1r<\/strong>: MUDr. Katar\u00edna Ne\u010dasov\u00e1, \u010d. t. <a href=\"http:\/\/0435801312\" data-wplink-url-error=\"true\">0435801312<\/a> , email: <a href=\"mailto:necasova@donsp.sk\">necasova@donsp.sk<\/a><\/p>\n\n\n\n<p><strong>Lek\u00e1r<\/strong>: MUDr. Anna Horn\u00e1, \u010d. t. <a href=\"http:\/\/0435801311\" data-wplink-url-error=\"true\">0435801311<\/a><\/p>\n\n\n\n<p>MUDr. Eva Nos\u00e1\u013eov\u00e1<\/p>\n\n\n\n<p><strong>Ved\u00faca&nbsp; sestra<\/strong>: Bc. Brod\u0148ansk\u00e1 Ren\u00e1ta, \u010d.t. <a href=\"http:\/\/0435801327\" data-wplink-url-error=\"true\">0435801327<\/a><\/p>\n\n\n\n<p>Pr\u00e1ca v dvoch ambulanci\u00e1ch:<\/p>\n\n\n\n<p>Jednotliv\u00e9 \u00faseky: elektrolie\u010dba ,vodolie\u010dba, teplolie\u010dba, mas\u00e1\u017ee, individu\u00e1lna LTV, laserov\u00e9 pracovisko, manipula\u010dn\u00e1, mobiliza\u010dn\u00e1 lie\u010dba, intenz\u00edvna rehabilit\u00e1cia, fyzik\u00e1lna, analgeticko-myorelaxa\u010dn\u00e1 lie\u010dba<\/p>\n\n\n\n<p>Zameranie \u2013 po\u00farazov\u00e9 stavy, stavy vy\u017eaduj\u00face intenz\u00edvnu rehabilita\u010dn\u00fa lie\u010dbu, bolestiv\u00e9 stavy pohybov\u00e9ho syst\u00e9mu.<\/p>\n\n\n\n<p>Vyu\u017e\u00edvame tie\u017e pr\u00edstroje ako r\u00e1zov\u00fa vlnu a laser.<\/p>\n\n\n\n<p>Ordina\u010dn\u00e9 hodiny: 7.00 h &#8211; 15.00 h<\/p>\n","protected":false},"excerpt":{"rendered":"<p>FRO ambulancia 1 Pondelok &ndash; Piatok 7:00 &ndash; 12:00 a 12:30-15:00 lek&aacute;r MUDr. Anna Horn&aacute; +421 43 5801 311 FRO ambulancia 2 Pondelok &ndash; Utorok 7:00 &ndash; 12:00 a 12:30-15:00 lek&aacute;r MUDr. Katar&iacute;na Ne&#269;asov&aacute; +421 43 5801 312 Objedn&aacute;vanie Pondelok&nbsp;<a class=\"read-more\" href=\"https:\/\/www.donsp.sk\/donsp\/svalz\/fyziatricko-rehabilitacne-oddelenie\/\"><\/a><\/p>\n","protected":false},"author":1,"featured_media":0,"parent":2594,"menu_order":12,"comment_status":"closed","ping_status":"closed","template":"","meta":{"_seopress_robots_primary_cat":"0","_seopress_titles_title":"","_seopress_titles_desc":"","_seopress_robots_index":"","pgc_sgb_lightbox_settings":"","footnotes":""},"class_list":["post-42","page","type-page","status-publish"],"_links":{"self":[{"href":"https:\/\/www.donsp.sk\/donsp\/wp-json\/wp\/v2\/pages\/42","targetHints":{"allow":["GET"]}}],"collection":[{"href":"https:\/\/www.donsp.sk\/donsp\/wp-json\/wp\/v2\/pages"}],"about":[{"href":"https:\/\/www.donsp.sk\/donsp\/wp-json\/wp\/v2\/types\/page"}],"author":[{"embeddable":true,"href":"https:\/\/www.donsp.sk\/donsp\/wp-json\/wp\/v2\/users\/1"}],"replies":[{"embeddable":true,"href":"https:\/\/www.donsp.sk\/donsp\/wp-json\/wp\/v2\/comments?post=42"}],"version-history":[{"count":7,"href":"https:\/\/www.donsp.sk\/donsp\/wp-json\/wp\/v2\/pages\/42\/revisions"}],"predecessor-version":[{"id":8376,"href":"https:\/\/www.donsp.sk\/donsp\/wp-json\/wp\/v2\/pages\/42\/revisions\/8376"}],"up":[{"embeddable":true,"href":"https:\/\/www.donsp.sk\/donsp\/wp-json\/wp\/v2\/pages\/2594"}],"wp:attachment":[{"href":"https:\/\/www.donsp.sk\/donsp\/wp-json\/wp\/v2\/media?parent=42"}],"curies":[{"name":"wp","href":"https:\/\/api.w.org\/{rel}","templated":true}]}}