{"id":3704,"date":"2018-03-16T12:53:43","date_gmt":"2018-03-16T10:53:43","guid":{"rendered":"http:\/\/www.donsp.sk\/donsp\/?page_id=3704"},"modified":"2026-03-23T09:06:59","modified_gmt":"2026-03-23T07:06:59","slug":"no-access","status":"publish","type":"page","link":"https:\/\/www.donsp.sk\/donsp\/o-nas\/no-access\/","title":{"rendered":"V\u00fdro\u010dn\u00e1 spr\u00e1va a v\u00fdkazy"},"content":{"rendered":"\n<div data-wp-interactive=\"core\/file\" class=\"wp-block-file\"><object data-wp-bind--hidden=\"!state.hasPdfPreview\" hidden class=\"wp-block-file__embed\" data=\"https:\/\/www.donsp.sk\/donsp\/wp-content\/uploads\/dolnykubin_vs_template_2025.pdf\" type=\"application\/pdf\" style=\"width:100%;height:600px\" aria-label=\"Vlo\u017ei\u0165 Doln\u00fdKub\u00edn_VS_template_2025.\"><\/object><a id=\"wp-block-file--media-9482f37a-f058-4888-8a9b-b644aea2c11c\" href=\"https:\/\/www.donsp.sk\/donsp\/wp-content\/uploads\/dolnykubin_vs_template_2025.pdf\">Doln\u00fdKub\u00edn_VS_template_2025<\/a><a href=\"https:\/\/www.donsp.sk\/donsp\/wp-content\/uploads\/dolnykubin_vs_template_2025.pdf\" class=\"wp-block-file__button wp-element-button\" download aria-describedby=\"wp-block-file--media-9482f37a-f058-4888-8a9b-b644aea2c11c\">Stiahnu\u0165<\/a><\/div>\n\n\n\n<div class=\"wp-block-file\"><a id=\"wp-block-file--media-ddd310d4-7eea-45b8-97ce-a606ca773efe\" href=\"https:\/\/www.donsp.sk\/donsp\/wp-content\/uploads\/dolnykubin_vs_template_2024.pdf\">Doln\u00fdKub\u00edn_VS_template_2024<\/a><a href=\"https:\/\/www.donsp.sk\/donsp\/wp-content\/uploads\/dolnykubin_vs_template_2024.pdf\" class=\"wp-block-file__button wp-element-button\" download aria-describedby=\"wp-block-file--media-ddd310d4-7eea-45b8-97ce-a606ca773efe\">Stiahnu\u0165<\/a><\/div>\n\n\n\n<div class=\"wp-block-file\"><a id=\"wp-block-file--media-6e67424a-75a9-497f-8873-4b6b292d721f\" href=\"https:\/\/www.donsp.sk\/donsp\/wp-content\/uploads\/vykaz-ziskov-a-strat-k-31.12.2024.xlsx\">V\u00fdkaz ziskov a str\u00e1t k 31.12.2024<\/a><a href=\"https:\/\/www.donsp.sk\/donsp\/wp-content\/uploads\/vykaz-ziskov-a-strat-k-31.12.2024.xlsx\" class=\"wp-block-file__button wp-element-button\" download aria-describedby=\"wp-block-file--media-6e67424a-75a9-497f-8873-4b6b292d721f\">Stiahnu\u0165<\/a><\/div>\n\n\n\n<div class=\"wp-block-file\"><a id=\"wp-block-file--media-a959ab52-ed81-4fd7-8379-fbfeabfed2de\" href=\"https:\/\/www.donsp.sk\/donsp\/wp-content\/uploads\/suvaha-rok-k-31.12.2024.xlsx\">S\u00favaha rok k 31.12.2024<\/a><a href=\"https:\/\/www.donsp.sk\/donsp\/wp-content\/uploads\/suvaha-rok-k-31.12.2024.xlsx\" class=\"wp-block-file__button wp-element-button\" download aria-describedby=\"wp-block-file--media-a959ab52-ed81-4fd7-8379-fbfeabfed2de\">Stiahnu\u0165<\/a><\/div>\n\n\n\n<div class=\"wp-block-file\"><a id=\"wp-block-file--media-66a8e8c9-4156-45f8-8daf-9b92935b95fe\" href=\"https:\/\/www.donsp.sk\/donsp\/wp-content\/uploads\/Dolny-Kubin-VS-2023-pdf.pdf\">Hospod\u00e1rska spr\u00e1va 2023<\/a><a href=\"https:\/\/www.donsp.sk\/donsp\/wp-content\/uploads\/Dolny-Kubin-VS-2023-pdf.pdf\" class=\"wp-block-file__button wp-element-button\" download aria-describedby=\"wp-block-file--media-66a8e8c9-4156-45f8-8daf-9b92935b95fe\">Stiahnu\u0165<\/a><\/div>\n\n\n\n<div class=\"wp-block-file\"><a id=\"wp-block-file--media-7d488b59-ee16-4645-8c06-fbed3f3d3657\" href=\"https:\/\/www.donsp.sk\/donsp\/wp-content\/uploads\/HS-za-rok-2022.pdf\">Hospod\u00e1rska spr\u00e1va za rok 2022<\/a><a href=\"https:\/\/www.donsp.sk\/donsp\/wp-content\/uploads\/HS-za-rok-2022.pdf\" class=\"wp-block-file__button wp-element-button\" download aria-describedby=\"wp-block-file--media-7d488b59-ee16-4645-8c06-fbed3f3d3657\">Stiahnu\u0165<\/a><\/div>\n\n\n\n<div class=\"wp-block-file\"><a id=\"wp-block-file--media-16dd2219-8df0-4174-8f72-40599b825c0f\" href=\"https:\/\/www.donsp.sk\/donsp\/wp-content\/uploads\/HS-2021.pdf\">Hospod\u00e1rska Spr\u00e1va 2021<\/a><a href=\"https:\/\/www.donsp.sk\/donsp\/wp-content\/uploads\/HS-2021.pdf\" class=\"wp-block-file__button wp-element-button\" download aria-describedby=\"wp-block-file--media-16dd2219-8df0-4174-8f72-40599b825c0f\">Stiahnu\u0165<\/a><\/div>\n\n\n\n<div class=\"wp-block-file\"><a id=\"wp-block-file--media-417fd4f1-b611-4209-9d22-b3c0c042ac73\" href=\"https:\/\/www.donsp.sk\/donsp\/wp-content\/uploads\/VS2019-2.pdf\">V\u00fdro\u010dn\u00e1 spr\u00e1va 2019<\/a><a href=\"https:\/\/www.donsp.sk\/donsp\/wp-content\/uploads\/VS2019-2.pdf\" class=\"wp-block-file__button wp-element-button\" download aria-describedby=\"wp-block-file--media-417fd4f1-b611-4209-9d22-b3c0c042ac73\">Stiahnu\u0165<\/a><\/div>\n","protected":false},"excerpt":{"rendered":"","protected":false},"author":2,"featured_media":0,"parent":4,"menu_order":0,"comment_status":"closed","ping_status":"closed","template":"","meta":{"_seopress_robots_primary_cat":"0","_seopress_titles_title":"","_seopress_titles_desc":"","_seopress_robots_index":"","pgc_sgb_lightbox_settings":"","footnotes":""},"class_list":["post-3704","page","type-page","status-publish"],"_links":{"self":[{"href":"https:\/\/www.donsp.sk\/donsp\/wp-json\/wp\/v2\/pages\/3704","targetHints":{"allow":["GET"]}}],"collection":[{"href":"https:\/\/www.donsp.sk\/donsp\/wp-json\/wp\/v2\/pages"}],"about":[{"href":"https:\/\/www.donsp.sk\/donsp\/wp-json\/wp\/v2\/types\/page"}],"author":[{"embeddable":true,"href":"https:\/\/www.donsp.sk\/donsp\/wp-json\/wp\/v2\/users\/2"}],"replies":[{"embeddable":true,"href":"https:\/\/www.donsp.sk\/donsp\/wp-json\/wp\/v2\/comments?post=3704"}],"version-history":[{"count":7,"href":"https:\/\/www.donsp.sk\/donsp\/wp-json\/wp\/v2\/pages\/3704\/revisions"}],"predecessor-version":[{"id":9070,"href":"https:\/\/www.donsp.sk\/donsp\/wp-json\/wp\/v2\/pages\/3704\/revisions\/9070"}],"up":[{"embeddable":true,"href":"https:\/\/www.donsp.sk\/donsp\/wp-json\/wp\/v2\/pages\/4"}],"wp:attachment":[{"href":"https:\/\/www.donsp.sk\/donsp\/wp-json\/wp\/v2\/media?parent=3704"}],"curies":[{"name":"wp","href":"https:\/\/api.w.org\/{rel}","templated":true}]}}