{"id":325,"date":"2010-09-12T10:47:09","date_gmt":"2010-09-12T10:47:09","guid":{"rendered":"http:\/\/www.donsp.sk\/donsp\/?page_id=325"},"modified":"2025-05-23T11:04:38","modified_gmt":"2025-05-23T09:04:38","slug":"cos","status":"publish","type":"page","link":"https:\/\/www.donsp.sk\/donsp\/oddelenia\/cos\/","title":{"rendered":"Centr\u00e1lne opera\u010dn\u00e9 s\u00e1ly (COS)"},"content":{"rendered":"\n<div class=\"wp-block-columns alignwide visboard is-layout-flex wp-container-core-columns-is-layout-9d6595d7 wp-block-columns-is-layout-flex\">\n<div class=\"wp-block-column is-layout-flow wp-block-column-is-layout-flow\">\n<h5 class=\"wp-block-heading\">Kontakt<\/h5>\n\n\n\n<p>Prim\u00e1r oddelenia: <a href=\"tel:+421435801229\">+421 (0) 43 5801 229<\/a><br>In\u0161trument\u00e1rky: <a href=\"tel:+421435801458\">+421 (0) 43 5801 458<\/a><\/p>\n\n\n\n<p><a href=\"https:\/\/www.donsp.sk\/donsp\/telefonny-zoznam\/#cos\">telef\u00f3nny zoznam<\/a><\/p>\n<\/div>\n<\/div>\n\n\n\n<hr class=\"wp-block-separator has-css-opacity\"\/>\n\n\n\n<h2 class=\"wp-block-heading has-text-align-center\"><strong><span style=\"background-image: initial; background-attachment: initial; background-origin: initial; background-clip: initial; font-size: 100%; outline-width: 0px; outline-style: initial; outline-color: initial; vertical-align: baseline; display: inline; background-color: transparent; padding: 0px; margin: 0px;\"><span style=\"background-image: initial; background-attachment: initial; background-origin: initial; background-clip: initial; font-size: 100%; outline-width: 0px; outline-style: initial; outline-color: initial; vertical-align: baseline; display: inline; background-color: transparent; padding: 0px; margin: 0px;\">Centr\u00e1lne opera\u010dn\u00e9 s\u00e1ly<\/span><\/span><\/strong><\/h2>\n\n\n\n<p><span style=\"background-image: initial; background-attachment: initial; background-origin: initial; background-clip: initial; font-size: 100%; outline-width: 0px; outline-style: initial; outline-color: initial; vertical-align: baseline; display: inline; background-color: transparent; padding: 0px; margin: 0px;\"><span style=\"background-image: initial; background-attachment: initial; background-origin: initial; background-clip: initial; font-size: 100%; outline-width: 0px; outline-style: initial; outline-color: initial; vertical-align: baseline; display: inline; background-position: initial initial; background-repeat: initial initial; padding: 0px; margin: 0px; border: 0px initial initial;\">Pracujeme na piatich opera\u010dn\u00fdch s\u00e1lach, tri s\u00fa vybaven\u00e9 lamin\u00e1rnym pr\u00faden\u00edm vzduchu do opera\u010dn\u00e9ho priestoru, \u010do zabezpe\u010duje super\u010dist\u00e9 prostredie pre opera\u010dn\u00fd v\u00fdkon.<\/span> <span style=\"background-image: initial; background-attachment: initial; background-origin: initial; background-clip: initial; font-size: 100%; outline-width: 0px; outline-style: initial; outline-color: initial; vertical-align: baseline; display: inline; background-position: initial initial; background-repeat: initial initial; padding: 0px; margin: 0px; border: 0px initial initial;\">S\u00e1ly s\u00fa&nbsp; jedny z najmodernej\u0161\u00edch na Slovensk\u00fa, otvoren\u00e9 v roku 2009.<\/span> <span style=\"background-image: initial; background-attachment: initial; background-origin: initial; background-clip: initial; font-size: 100%; outline-width: 0px; outline-style: initial; outline-color: initial; vertical-align: baseline; display: inline; background-color: transparent; padding: 0px; margin: 0px;\">S\u00fa\u010das\u0165ou centr\u00e1lnych opera\u010dn\u00fdch s\u00e1l je aj oddelenie centr\u00e1lnej steriliz\u00e1cie, ktor\u00e9 je vybaven\u00e9 steriliza\u010dn\u00fdm zariaden\u00edm \u0160v\u00e9dskej firmy Getinge, vybaven\u00fdm parn\u00fdm&nbsp;formaldehydov\u00fdm steriliza\u010dn\u00fdm programom.<\/span><\/span><\/p>\n","protected":false},"excerpt":{"rendered":"<p>Kontakt Prim&aacute;r oddelenia: +421 (0) 43 5801 229In&scaron;trument&aacute;rky: +421 (0) 43 5801 458 telef&oacute;nny zoznam Centr&aacute;lne opera&#269;n&eacute; s&aacute;ly Pracujeme na piatich opera&#269;n&yacute;ch s&aacute;lach, tri s&uacute; vybaven&eacute; lamin&aacute;rnym pr&uacute;den&iacute;m vzduchu do opera&#269;n&eacute;ho priestoru, &#269;o zabezpe&#269;uje super&#269;ist&eacute; prostredie pre opera&#269;n&yacute; v&yacute;kon. S&aacute;ly&nbsp;<a class=\"read-more\" href=\"https:\/\/www.donsp.sk\/donsp\/oddelenia\/cos\/\"><\/a><\/p>\n","protected":false},"author":1,"featured_media":0,"parent":5,"menu_order":3,"comment_status":"closed","ping_status":"closed","template":"","meta":{"_seopress_robots_primary_cat":"0","_seopress_titles_title":"","_seopress_titles_desc":"","_seopress_robots_index":"","pgc_sgb_lightbox_settings":"","footnotes":""},"class_list":["post-325","page","type-page","status-publish"],"_links":{"self":[{"href":"https:\/\/www.donsp.sk\/donsp\/wp-json\/wp\/v2\/pages\/325","targetHints":{"allow":["GET"]}}],"collection":[{"href":"https:\/\/www.donsp.sk\/donsp\/wp-json\/wp\/v2\/pages"}],"about":[{"href":"https:\/\/www.donsp.sk\/donsp\/wp-json\/wp\/v2\/types\/page"}],"author":[{"embeddable":true,"href":"https:\/\/www.donsp.sk\/donsp\/wp-json\/wp\/v2\/users\/1"}],"replies":[{"embeddable":true,"href":"https:\/\/www.donsp.sk\/donsp\/wp-json\/wp\/v2\/comments?post=325"}],"version-history":[{"count":5,"href":"https:\/\/www.donsp.sk\/donsp\/wp-json\/wp\/v2\/pages\/325\/revisions"}],"predecessor-version":[{"id":7051,"href":"https:\/\/www.donsp.sk\/donsp\/wp-json\/wp\/v2\/pages\/325\/revisions\/7051"}],"up":[{"embeddable":true,"href":"https:\/\/www.donsp.sk\/donsp\/wp-json\/wp\/v2\/pages\/5"}],"wp:attachment":[{"href":"https:\/\/www.donsp.sk\/donsp\/wp-json\/wp\/v2\/media?parent=325"}],"curies":[{"name":"wp","href":"https:\/\/api.w.org\/{rel}","templated":true}]}}