{"id":2990,"date":"2016-04-28T09:35:40","date_gmt":"2016-04-28T07:35:40","guid":{"rendered":"http:\/\/www.donsp.sk\/donsp\/?page_id=2990"},"modified":"2025-05-19T16:50:29","modified_gmt":"2025-05-19T14:50:29","slug":"vysetrenie-magnetickou-rezonanciou","status":"publish","type":"page","link":"https:\/\/www.donsp.sk\/donsp\/informacie\/vysetrenie-magnetickou-rezonanciou\/","title":{"rendered":"Vy\u0161etrenie magnetickou rezonanciou"},"content":{"rendered":"<p>Lek\u00e1ri oddelenia:<\/p>\n<table style=\"height: 97px;\" width=\"394\">\n<tbody>\n<tr>\n<td width=\"169\">MUD. Jana Pramukov\u00e1,\u00a0 \u00a0atestovan\u00e1<\/td>\n<\/tr>\n<tr>\n<td>MUDr. Kajo Michal,\u00a0 \u00a0 \u00a0 \u00a0 \u00a0atestovan\u00fd<\/td>\n<\/tr>\n<tr>\n<td>MUDr. Kopal Sebastian,\u00a0 atestovan\u00fd<\/td>\n<\/tr>\n<\/tbody>\n<\/table>\n<p style=\"text-align: center;\"><strong><u>Podmienky pri objedn\u00e1van\u00ed pacientov na MR vy\u0161etrenie<\/u><\/strong><\/p>\n<ol>\n<li>riadne vyplnen\u00e1 \u017eiadanka na MR vy\u0161etrenie.<\/li>\n<li>pacientom podp\u00edsan\u00fd informovan\u00fd s\u00fahlas a dotazn\u00edk k MR vy\u0161etreniu.<\/li>\n<li>MR vy\u0161etrenie u hospitalizovan\u00fdch pacientov indikuje lek\u00e1r so \u0161pecializ\u00e1ciou, lek\u00e1r v\u00a0predatesta\u010dnej pr\u00edprave len s\u00a0p\u00edsomn\u00fdm s\u00fahlasom na MR \u017eiadanke od prim\u00e1ra oddelenia, alebo jeho z\u00e1stupcu.<\/li>\n<li>\u017eiadanku na MR vy\u0161etrenie u ambulantn\u00fdch pacientov m\u00f4\u017ee indikova\u0165 len lek\u00e1r so \u0161pecializ\u00e1ciou,.<\/li>\n<li><strong>ne\u00faplne vyp\u00edsan\u00e1 \u017eiadanka na MR vy\u0161etrenie nebude akceptovan\u00e1, pacienta na vy\u0161etrenie neobjedn\u00e1me. Taktie\u017e aj ne\u00fapln\u00e9 \u00fadaje v dotazn\u00edku nebud\u00fa akceptovan\u00e9 a pacienta nevy\u0161etr\u00edme.<\/strong><\/li>\n<li>pacientov na MR vy\u0161etrenie je mo\u017en\u00e9 objedn\u00e1va\u0165 telefonicky na \u010d.t. <a href=\"http:\/\/0435801235\" data-wplink-url-error=\"true\">043 5801235<\/a>, alebo osobne na oddelen\u00ed MR s n\u00e1sledn\u00fdm doru\u010den\u00edm \u017eiadanky na MR vy\u0161etrenie.<\/li>\n<\/ol>\n<h5><span style=\"text-decoration: underline;\"><span style=\"color: #0000ff; text-decoration: underline;\"><a style=\"color: #0000ff; text-decoration: underline;\" href=\"http:\/\/donsp.sk\/zml\/mrziadanka.pdf\" target=\"_blank\" rel=\"noopener\">\u017diadanka na vy\u0161etrenie MR<\/a><\/span><\/span><\/h5>\n<h5><span style=\"text-decoration: underline;\"><span style=\"color: #0000ff; text-decoration: underline;\"><a style=\"color: #0000ff; text-decoration: underline;\" href=\"http:\/\/donsp.sk\/zml\/mrdotaznik.pdf\" target=\"_blank\" rel=\"noopener\">Dotazn\u00edk k MR vy\u0161etreniu<\/a><\/span><\/span><\/h5>\n","protected":false},"excerpt":{"rendered":"<p>Lek&aacute;ri oddelenia: MUD. Jana Pramukov&aacute;,&nbsp; &nbsp;atestovan&aacute; MUDr. Kajo Michal,&nbsp; &nbsp; &nbsp; &nbsp; &nbsp;atestovan&yacute; MUDr. Kopal Sebastian,&nbsp; atestovan&yacute; Podmienky pri objedn&aacute;van&iacute; pacientov na MR vy&scaron;etrenie riadne vyplnen&aacute; &#382;iadanka na MR vy&scaron;etrenie. pacientom podp&iacute;san&yacute; informovan&yacute; s&uacute;hlas a dotazn&iacute;k k MR vy&scaron;etreniu. MR&nbsp;<a class=\"read-more\" href=\"https:\/\/www.donsp.sk\/donsp\/informacie\/vysetrenie-magnetickou-rezonanciou\/\"><\/a><\/p>\n","protected":false},"author":2,"featured_media":0,"parent":7,"menu_order":20,"comment_status":"closed","ping_status":"closed","template":"","meta":{"_seopress_robots_primary_cat":"0","_seopress_titles_title":"","_seopress_titles_desc":"","_seopress_robots_index":"","pgc_sgb_lightbox_settings":"","footnotes":""},"class_list":["post-2990","page","type-page","status-publish"],"_links":{"self":[{"href":"https:\/\/www.donsp.sk\/donsp\/wp-json\/wp\/v2\/pages\/2990","targetHints":{"allow":["GET"]}}],"collection":[{"href":"https:\/\/www.donsp.sk\/donsp\/wp-json\/wp\/v2\/pages"}],"about":[{"href":"https:\/\/www.donsp.sk\/donsp\/wp-json\/wp\/v2\/types\/page"}],"author":[{"embeddable":true,"href":"https:\/\/www.donsp.sk\/donsp\/wp-json\/wp\/v2\/users\/2"}],"replies":[{"embeddable":true,"href":"https:\/\/www.donsp.sk\/donsp\/wp-json\/wp\/v2\/comments?post=2990"}],"version-history":[{"count":1,"href":"https:\/\/www.donsp.sk\/donsp\/wp-json\/wp\/v2\/pages\/2990\/revisions"}],"predecessor-version":[{"id":6964,"href":"https:\/\/www.donsp.sk\/donsp\/wp-json\/wp\/v2\/pages\/2990\/revisions\/6964"}],"up":[{"embeddable":true,"href":"https:\/\/www.donsp.sk\/donsp\/wp-json\/wp\/v2\/pages\/7"}],"wp:attachment":[{"href":"https:\/\/www.donsp.sk\/donsp\/wp-json\/wp\/v2\/media?parent=2990"}],"curies":[{"name":"wp","href":"https:\/\/api.w.org\/{rel}","templated":true}]}}